{"id":72850,"date":"2023-03-17T11:33:14","date_gmt":"2023-03-17T10:33:14","guid":{"rendered":"https:\/\/test.sollux-lighting.com\/nasza-oferta\/non%20class\u00e9\/applique-skala-black\/"},"modified":"2024-03-26T18:37:28","modified_gmt":"2024-03-26T17:37:28","slug":"applique-skala-black","status":"publish","type":"product","link":"https:\/\/sollux-lighting.com\/fr\/nasza-oferta\/applique\/applique-skala-black\/","title":{"rendered":"Applique SKALA BLACK"},"content":{"rendered":"<p>Pour tous ceux qui aiment l&rsquo;\u00e9l\u00e9gance et le style, la lampe murale SKALA est une excellente solution. Un choix parfait pour ceux qui veulent donner de l&rsquo;\u00e9l\u00e9gance \u00e0 leurs pi\u00e8ces et fournir un tr\u00e8s bon \u00e9clairage. Les lampes murales SKALA sont une garantie de la plus haute qualit\u00e9. Leur grand avantage est leur universalit\u00e9. Elles peuvent \u00eatre utilis\u00e9es dans de nombreuses pi\u00e8ces, que ce soit dans un style moderne ou traditionnel. Elles s&rsquo;int\u00e8grent tr\u00e8s bien dans les salons, les chambres, les cuisines, les salles de bains, les chambres d&rsquo;enfants et de jeunes.<\/p>\n","protected":false},"excerpt":{"rendered":"<p>Source de lumi\u00e8re : E27, 2x max 15W LED, 50Hz, ~230V, IP20, classe de protection I<br \/>\nLa source de lumi\u00e8re n&rsquo;est pas incluse.<br \/>\nDimensions : 45\/15\/12 cm<br \/>\nMat\u00e9riel : tissu, verre, acier<br \/>\nCouleur : noir<\/p>\n","protected":false},"featured_media":51408,"template":"","meta":{"_acf_changed":false},"product_brand":[],"product_cat":[1899],"product_tag":[],"class_list":{"0":"post-72850","1":"product","2":"type-product","3":"status-publish","4":"has-post-thumbnail","6":"product_cat-applique","8":"first","9":"instock","10":"product-type-simple"},"acf":[],"yoast_head":"<!-- This site is optimized with the Yoast SEO plugin v25.4 - https:\/\/yoast.com\/wordpress\/plugins\/seo\/ -->\n<title>Applique SKALA BLACK - Sollux Lighting<\/title>\n<meta name=\"robots\" content=\"index, follow, max-snippet:-1, max-image-preview:large, max-video-preview:-1\" \/>\n<link rel=\"canonical\" href=\"https:\/\/sollux-lighting.com\/fr\/nasza-oferta\/applique\/applique-skala-black\/\" \/>\n<meta property=\"og:locale\" content=\"fr_FR\" \/>\n<meta property=\"og:type\" content=\"article\" \/>\n<meta property=\"og:title\" content=\"Applique SKALA BLACK - Sollux Lighting\" \/>\n<meta property=\"og:description\" content=\"Source de lumi\u00e8re : E27, 2x max 15W LED, 50Hz, ~230V, IP20, classe de protection I La source de lumi\u00e8re n&#039;est pas incluse. Dimensions : 45\/15\/12 cm Mat\u00e9riel : tissu, verre, acier Couleur : noir\" \/>\n<meta property=\"og:url\" content=\"https:\/\/sollux-lighting.com\/fr\/nasza-oferta\/applique\/applique-skala-black\/\" \/>\n<meta property=\"og:site_name\" content=\"Sollux Lighting\" \/>\n<meta property=\"article:modified_time\" content=\"2024-03-26T17:37:28+00:00\" \/>\n<meta property=\"og:image\" content=\"https:\/\/sollux-lighting.com\/wp-content\/uploads\/2023\/03\/0764-1-k.jpg\" \/>\n\t<meta property=\"og:image:width\" content=\"750\" \/>\n\t<meta property=\"og:image:height\" content=\"750\" \/>\n\t<meta property=\"og:image:type\" content=\"image\/jpeg\" \/>\n<meta name=\"twitter:card\" content=\"summary_large_image\" \/>\n<meta name=\"twitter:label1\" content=\"Dur\u00e9e de lecture estim\u00e9e\" \/>\n\t<meta name=\"twitter:data1\" content=\"1 minute\" \/>\n<script type=\"application\/ld+json\" class=\"yoast-schema-graph\">{\"@context\":\"https:\/\/schema.org\",\"@graph\":[{\"@type\":\"WebPage\",\"@id\":\"https:\/\/sollux-lighting.com\/fr\/nasza-oferta\/applique\/applique-skala-black\/\",\"url\":\"https:\/\/sollux-lighting.com\/fr\/nasza-oferta\/applique\/applique-skala-black\/\",\"name\":\"Applique SKALA BLACK - Sollux Lighting\",\"isPartOf\":{\"@id\":\"https:\/\/sollux-lighting.com\/fr\/#website\"},\"primaryImageOfPage\":{\"@id\":\"https:\/\/sollux-lighting.com\/fr\/nasza-oferta\/applique\/applique-skala-black\/#primaryimage\"},\"image\":{\"@id\":\"https:\/\/sollux-lighting.com\/fr\/nasza-oferta\/applique\/applique-skala-black\/#primaryimage\"},\"thumbnailUrl\":\"https:\/\/sollux-lighting.com\/wp-content\/uploads\/2023\/03\/0764-1-k.jpg\",\"datePublished\":\"2023-03-17T10:33:14+00:00\",\"dateModified\":\"2024-03-26T17:37:28+00:00\",\"breadcrumb\":{\"@id\":\"https:\/\/sollux-lighting.com\/fr\/nasza-oferta\/applique\/applique-skala-black\/#breadcrumb\"},\"inLanguage\":\"fr-FR\",\"potentialAction\":[{\"@type\":\"ReadAction\",\"target\":[\"https:\/\/sollux-lighting.com\/fr\/nasza-oferta\/applique\/applique-skala-black\/\"]}]},{\"@type\":\"ImageObject\",\"inLanguage\":\"fr-FR\",\"@id\":\"https:\/\/sollux-lighting.com\/fr\/nasza-oferta\/applique\/applique-skala-black\/#primaryimage\",\"url\":\"https:\/\/sollux-lighting.com\/wp-content\/uploads\/2023\/03\/0764-1-k.jpg\",\"contentUrl\":\"https:\/\/sollux-lighting.com\/wp-content\/uploads\/2023\/03\/0764-1-k.jpg\",\"width\":750,\"height\":750},{\"@type\":\"BreadcrumbList\",\"@id\":\"https:\/\/sollux-lighting.com\/fr\/nasza-oferta\/applique\/applique-skala-black\/#breadcrumb\",\"itemListElement\":[{\"@type\":\"ListItem\",\"position\":1,\"name\":\"Page d'accueil\",\"item\":\"https:\/\/sollux-lighting.com\/fr\/\"},{\"@type\":\"ListItem\",\"position\":2,\"name\":\"Notre offre\",\"item\":\"https:\/\/sollux-lighting.com\/fr\/notre-offre\/\"},{\"@type\":\"ListItem\",\"position\":3,\"name\":\"Applique SKALA BLACK\"}]},{\"@type\":\"WebSite\",\"@id\":\"https:\/\/sollux-lighting.com\/fr\/#website\",\"url\":\"https:\/\/sollux-lighting.com\/fr\/\",\"name\":\"Sollux Lighting\",\"description\":\"Brighten up your business\",\"publisher\":{\"@id\":\"https:\/\/sollux-lighting.com\/fr\/#organization\"},\"potentialAction\":[{\"@type\":\"SearchAction\",\"target\":{\"@type\":\"EntryPoint\",\"urlTemplate\":\"https:\/\/sollux-lighting.com\/fr\/?s={search_term_string}\"},\"query-input\":{\"@type\":\"PropertyValueSpecification\",\"valueRequired\":true,\"valueName\":\"search_term_string\"}}],\"inLanguage\":\"fr-FR\"},{\"@type\":\"Organization\",\"@id\":\"https:\/\/sollux-lighting.com\/fr\/#organization\",\"name\":\"Sollux Lighting\",\"url\":\"https:\/\/sollux-lighting.com\/fr\/\",\"logo\":{\"@type\":\"ImageObject\",\"inLanguage\":\"fr-FR\",\"@id\":\"https:\/\/sollux-lighting.com\/fr\/#\/schema\/logo\/image\/\",\"url\":\"https:\/\/sollux-lighting.com\/wp-content\/uploads\/2023\/02\/LOGO.svg\",\"contentUrl\":\"https:\/\/sollux-lighting.com\/wp-content\/uploads\/2023\/02\/LOGO.svg\",\"width\":160,\"height\":46,\"caption\":\"Sollux Lighting \"},\"image\":{\"@id\":\"https:\/\/sollux-lighting.com\/fr\/#\/schema\/logo\/image\/\"}}]}<\/script>\n<!-- \/ Yoast SEO plugin. -->","yoast_head_json":{"title":"Applique SKALA BLACK - Sollux Lighting","robots":{"index":"index","follow":"follow","max-snippet":"max-snippet:-1","max-image-preview":"max-image-preview:large","max-video-preview":"max-video-preview:-1"},"canonical":"https:\/\/sollux-lighting.com\/fr\/nasza-oferta\/applique\/applique-skala-black\/","og_locale":"fr_FR","og_type":"article","og_title":"Applique SKALA BLACK - Sollux Lighting","og_description":"Source de lumi\u00e8re : E27, 2x max 15W LED, 50Hz, ~230V, IP20, classe de protection I La source de lumi\u00e8re n'est pas incluse. Dimensions : 45\/15\/12 cm Mat\u00e9riel : tissu, verre, acier Couleur : noir","og_url":"https:\/\/sollux-lighting.com\/fr\/nasza-oferta\/applique\/applique-skala-black\/","og_site_name":"Sollux Lighting","article_modified_time":"2024-03-26T17:37:28+00:00","og_image":[{"width":750,"height":750,"url":"https:\/\/sollux-lighting.com\/wp-content\/uploads\/2023\/03\/0764-1-k.jpg","type":"image\/jpeg"}],"twitter_card":"summary_large_image","twitter_misc":{"Dur\u00e9e de lecture estim\u00e9e":"1 minute"},"schema":{"@context":"https:\/\/schema.org","@graph":[{"@type":"WebPage","@id":"https:\/\/sollux-lighting.com\/fr\/nasza-oferta\/applique\/applique-skala-black\/","url":"https:\/\/sollux-lighting.com\/fr\/nasza-oferta\/applique\/applique-skala-black\/","name":"Applique SKALA BLACK - Sollux Lighting","isPartOf":{"@id":"https:\/\/sollux-lighting.com\/fr\/#website"},"primaryImageOfPage":{"@id":"https:\/\/sollux-lighting.com\/fr\/nasza-oferta\/applique\/applique-skala-black\/#primaryimage"},"image":{"@id":"https:\/\/sollux-lighting.com\/fr\/nasza-oferta\/applique\/applique-skala-black\/#primaryimage"},"thumbnailUrl":"https:\/\/sollux-lighting.com\/wp-content\/uploads\/2023\/03\/0764-1-k.jpg","datePublished":"2023-03-17T10:33:14+00:00","dateModified":"2024-03-26T17:37:28+00:00","breadcrumb":{"@id":"https:\/\/sollux-lighting.com\/fr\/nasza-oferta\/applique\/applique-skala-black\/#breadcrumb"},"inLanguage":"fr-FR","potentialAction":[{"@type":"ReadAction","target":["https:\/\/sollux-lighting.com\/fr\/nasza-oferta\/applique\/applique-skala-black\/"]}]},{"@type":"ImageObject","inLanguage":"fr-FR","@id":"https:\/\/sollux-lighting.com\/fr\/nasza-oferta\/applique\/applique-skala-black\/#primaryimage","url":"https:\/\/sollux-lighting.com\/wp-content\/uploads\/2023\/03\/0764-1-k.jpg","contentUrl":"https:\/\/sollux-lighting.com\/wp-content\/uploads\/2023\/03\/0764-1-k.jpg","width":750,"height":750},{"@type":"BreadcrumbList","@id":"https:\/\/sollux-lighting.com\/fr\/nasza-oferta\/applique\/applique-skala-black\/#breadcrumb","itemListElement":[{"@type":"ListItem","position":1,"name":"Page d'accueil","item":"https:\/\/sollux-lighting.com\/fr\/"},{"@type":"ListItem","position":2,"name":"Notre offre","item":"https:\/\/sollux-lighting.com\/fr\/notre-offre\/"},{"@type":"ListItem","position":3,"name":"Applique SKALA BLACK"}]},{"@type":"WebSite","@id":"https:\/\/sollux-lighting.com\/fr\/#website","url":"https:\/\/sollux-lighting.com\/fr\/","name":"Sollux Lighting","description":"Brighten up your business","publisher":{"@id":"https:\/\/sollux-lighting.com\/fr\/#organization"},"potentialAction":[{"@type":"SearchAction","target":{"@type":"EntryPoint","urlTemplate":"https:\/\/sollux-lighting.com\/fr\/?s={search_term_string}"},"query-input":{"@type":"PropertyValueSpecification","valueRequired":true,"valueName":"search_term_string"}}],"inLanguage":"fr-FR"},{"@type":"Organization","@id":"https:\/\/sollux-lighting.com\/fr\/#organization","name":"Sollux Lighting","url":"https:\/\/sollux-lighting.com\/fr\/","logo":{"@type":"ImageObject","inLanguage":"fr-FR","@id":"https:\/\/sollux-lighting.com\/fr\/#\/schema\/logo\/image\/","url":"https:\/\/sollux-lighting.com\/wp-content\/uploads\/2023\/02\/LOGO.svg","contentUrl":"https:\/\/sollux-lighting.com\/wp-content\/uploads\/2023\/02\/LOGO.svg","width":160,"height":46,"caption":"Sollux Lighting "},"image":{"@id":"https:\/\/sollux-lighting.com\/fr\/#\/schema\/logo\/image\/"}}]}},"_links":{"self":[{"href":"https:\/\/sollux-lighting.com\/fr\/wp-json\/wp\/v2\/product\/72850","targetHints":{"allow":["GET"]}}],"collection":[{"href":"https:\/\/sollux-lighting.com\/fr\/wp-json\/wp\/v2\/product"}],"about":[{"href":"https:\/\/sollux-lighting.com\/fr\/wp-json\/wp\/v2\/types\/product"}],"wp:featuredmedia":[{"embeddable":true,"href":"https:\/\/sollux-lighting.com\/fr\/wp-json\/wp\/v2\/media\/51408"}],"wp:attachment":[{"href":"https:\/\/sollux-lighting.com\/fr\/wp-json\/wp\/v2\/media?parent=72850"}],"wp:term":[{"taxonomy":"product_brand","embeddable":true,"href":"https:\/\/sollux-lighting.com\/fr\/wp-json\/wp\/v2\/product_brand?post=72850"},{"taxonomy":"product_cat","embeddable":true,"href":"https:\/\/sollux-lighting.com\/fr\/wp-json\/wp\/v2\/product_cat?post=72850"},{"taxonomy":"product_tag","embeddable":true,"href":"https:\/\/sollux-lighting.com\/fr\/wp-json\/wp\/v2\/product_tag?post=72850"}],"curies":[{"name":"wp","href":"https:\/\/api.w.org\/{rel}","templated":true}]}}

https://test.sollux-lighting.com/nasza-oferta/non%20classé/applique-skala-black/

<p>Pour tous ceux qui aiment l&rsquo;élégance et le style, la lampe murale SKALA est une excellente solution. Un choix parfait pour ceux qui veulent donner de l&rsquo;élégance à leurs pièces et fournir un très bon éclairage. Les lampes murales SKALA sont une garantie de la plus haute qualité. Leur grand avantage est leur universalité. Elles peuvent être utilisées dans de nombreuses pièces, que ce soit dans un style moderne ou traditionnel. Elles s&rsquo;intègrent très bien dans les salons, les chambres, les cuisines, les salles de bains, les chambres d&rsquo;enfants et de jeunes.</p>

<p>Source de lumière : E27, 2x max 15W LED, 50Hz, ~230V, IP20, classe de protection I<br />
La source de lumière n&rsquo;est pas incluse.<br />
Dimensions : 45/15/12 cm<br />
Matériel : tissu, verre, acier<br />
Couleur : noir</p>

<!-- This site is optimized with the Yoast SEO plugin v25.4 - https://yoast.com/wordpress/plugins/seo/ -->
<title>Applique SKALA BLACK - Sollux Lighting</title>
<meta name="robots" content="index, follow, max-snippet:-1, max-image-preview:large, max-video-preview:-1" />
<link rel="canonical" href="https://sollux-lighting.com/fr/nasza-oferta/applique/applique-skala-black/" />
<meta property="og:locale" content="fr_FR" />
<meta property="og:type" content="article" />
<meta property="og:title" content="Applique SKALA BLACK - Sollux Lighting" />
<meta property="og:description" content="Source de lumière : E27, 2x max 15W LED, 50Hz, ~230V, IP20, classe de protection I La source de lumière n&#039;est pas incluse. Dimensions : 45/15/12 cm Matériel : tissu, verre, acier Couleur : noir" />
<meta property="og:url" content="https://sollux-lighting.com/fr/nasza-oferta/applique/applique-skala-black/" />
<meta property="og:site_name" content="Sollux Lighting" />
<meta property="article:modified_time" content="2024-03-26T17:37:28+00:00" />
<meta property="og:image" content="https://sollux-lighting.com/wp-content/uploads/2023/03/0764-1-k.jpg" />
	<meta property="og:image:width" content="750" />
	<meta property="og:image:height" content="750" />
	<meta property="og:image:type" content="image/jpeg" />
<meta name="twitter:card" content="summary_large_image" />
<meta name="twitter:label1" content="Durée de lecture estimée" />
	<meta name="twitter:data1" content="1 minute" />
<script type="application/ld+json" class="yoast-schema-graph">{"@context":"https://schema.org","@graph":[{"@type":"WebPage","@id":"https://sollux-lighting.com/fr/nasza-oferta/applique/applique-skala-black/","url":"https://sollux-lighting.com/fr/nasza-oferta/applique/applique-skala-black/","name":"Applique SKALA BLACK - Sollux Lighting","isPartOf":{"@id":"https://sollux-lighting.com/fr/#website"},"primaryImageOfPage":{"@id":"https://sollux-lighting.com/fr/nasza-oferta/applique/applique-skala-black/#primaryimage"},"image":{"@id":"https://sollux-lighting.com/fr/nasza-oferta/applique/applique-skala-black/#primaryimage"},"thumbnailUrl":"https://sollux-lighting.com/wp-content/uploads/2023/03/0764-1-k.jpg","datePublished":"2023-03-17T10:33:14+00:00","dateModified":"2024-03-26T17:37:28+00:00","breadcrumb":{"@id":"https://sollux-lighting.com/fr/nasza-oferta/applique/applique-skala-black/#breadcrumb"},"inLanguage":"fr-FR","potentialAction":[{"@type":"ReadAction","target":["https://sollux-lighting.com/fr/nasza-oferta/applique/applique-skala-black/"]}]},{"@type":"ImageObject","inLanguage":"fr-FR","@id":"https://sollux-lighting.com/fr/nasza-oferta/applique/applique-skala-black/#primaryimage","url":"https://sollux-lighting.com/wp-content/uploads/2023/03/0764-1-k.jpg","contentUrl":"https://sollux-lighting.com/wp-content/uploads/2023/03/0764-1-k.jpg","width":750,"height":750},{"@type":"BreadcrumbList","@id":"https://sollux-lighting.com/fr/nasza-oferta/applique/applique-skala-black/#breadcrumb","itemListElement":[{"@type":"ListItem","position":1,"name":"Page d'accueil","item":"https://sollux-lighting.com/fr/"},{"@type":"ListItem","position":2,"name":"Notre offre","item":"https://sollux-lighting.com/fr/notre-offre/"},{"@type":"ListItem","position":3,"name":"Applique SKALA BLACK"}]},{"@type":"WebSite","@id":"https://sollux-lighting.com/fr/#website","url":"https://sollux-lighting.com/fr/","name":"Sollux Lighting","description":"Brighten up your business","publisher":{"@id":"https://sollux-lighting.com/fr/#organization"},"potentialAction":[{"@type":"SearchAction","target":{"@type":"EntryPoint","urlTemplate":"https://sollux-lighting.com/fr/?s={search_term_string}"},"query-input":{"@type":"PropertyValueSpecification","valueRequired":true,"valueName":"search_term_string"}}],"inLanguage":"fr-FR"},{"@type":"Organization","@id":"https://sollux-lighting.com/fr/#organization","name":"Sollux Lighting","url":"https://sollux-lighting.com/fr/","logo":{"@type":"ImageObject","inLanguage":"fr-FR","@id":"https://sollux-lighting.com/fr/#/schema/logo/image/","url":"https://sollux-lighting.com/wp-content/uploads/2023/02/LOGO.svg","contentUrl":"https://sollux-lighting.com/wp-content/uploads/2023/02/LOGO.svg","width":160,"height":46,"caption":"Sollux Lighting "},"image":{"@id":"https://sollux-lighting.com/fr/#/schema/logo/image/"}}]}</script>
<!-- / Yoast SEO plugin. -->

Source de lumière : E27, 2x max 15W LED, 50Hz, ~230V, IP20, classe de protection I La source de lumière n'est pas incluse. Dimensions : 45/15/12 cm Matériel : tissu, verre, acier Couleur : noir
