{"id":72741,"date":"2023-03-17T11:26:01","date_gmt":"2023-03-17T10:26:01","guid":{"rendered":"https:\/\/test.sollux-lighting.com\/nasza-oferta\/non%20class\u00e9\/lampe-pendante-pablo-3-blanc\/"},"modified":"2024-03-26T18:29:22","modified_gmt":"2024-03-26T17:29:22","slug":"lampe-pendante-pablo-3-blanc","status":"publish","type":"product","link":"https:\/\/sollux-lighting.com\/fr\/nasza-oferta\/non class\u00e9\/lampe-pendante-pablo-3-blanc\/","title":{"rendered":"Lampe pendante PABLO 3 blanc"},"content":{"rendered":"<p>La collection PABLO comprend des lampes suspendues \u00e9troites cr\u00e9\u00e9es \u00e0 partir d&rsquo;une combinaison int\u00e9ressante de mat\u00e9riaux &#8211; acier et bois dans des couleurs classiques. Les versions noires et bois s&rsquo;int\u00e9greront parfaitement \u00e0 l&rsquo;\u00e9l\u00e9gance brute des espaces loft, tandis que les lampes combinant le blanc avec une nuance chaude de bois sont parfaites pour les d\u00e9cors lumineux, scandinaves et modernes. Gr\u00e2ce \u00e0 leur forme simple, les lampes PABLO compl\u00e8teront subtilement l&rsquo;ensemble de l&rsquo;int\u00e9rieur au lieu de l&rsquo;\u00e9clipser. Trouverez-vous une place pour elles dans votre maison ?<\/p>\n","protected":false},"excerpt":{"rendered":"<p>Source de lumi\u00e8re : GU10, 3x max 10W LED, 50Hz, ~230V, IP20, classe de protection I<br \/>\nLa source de lumi\u00e8re n&rsquo;est pas incluse.<br \/>\nDimensions : 45\/6\/90 cm<br \/>\nDimensions de l&rsquo;abat-jour : 6\/30 cm<br \/>\nMat\u00e9riau : acier, bois<br \/>\nCouleur : blanc, bois naturel<\/p>\n","protected":false},"featured_media":48744,"template":"","meta":{"_acf_changed":false},"product_brand":[],"product_cat":[],"product_tag":[],"class_list":{"0":"post-72741","1":"product","2":"type-product","3":"status-publish","4":"has-post-thumbnail","7":"first","8":"instock","9":"product-type-simple"},"acf":[],"yoast_head":"<!-- This site is optimized with the Yoast SEO plugin v25.4 - https:\/\/yoast.com\/wordpress\/plugins\/seo\/ -->\n<title>Lampe pendante PABLO 3 blanc - Sollux Lighting<\/title>\n<meta name=\"robots\" content=\"index, follow, max-snippet:-1, max-image-preview:large, max-video-preview:-1\" \/>\n<link rel=\"canonical\" href=\"https:\/\/sollux-lighting.com\/fr\/nasza-oferta\/non%20class\u00e9\/lampe-pendante-pablo-3-blanc\/\" \/>\n<meta property=\"og:locale\" content=\"fr_FR\" \/>\n<meta property=\"og:type\" content=\"article\" \/>\n<meta property=\"og:title\" content=\"Lampe pendante PABLO 3 blanc - Sollux Lighting\" \/>\n<meta property=\"og:description\" content=\"Source de lumi\u00e8re : GU10, 3x max 10W LED, 50Hz, ~230V, IP20, classe de protection I La source de lumi\u00e8re n&#039;est pas incluse. Dimensions : 45\/6\/90 cm Dimensions de l&#039;abat-jour : 6\/30 cm Mat\u00e9riau : acier, bois Couleur : blanc, bois naturel\" \/>\n<meta property=\"og:url\" content=\"https:\/\/sollux-lighting.com\/fr\/nasza-oferta\/non class\u00e9\/lampe-pendante-pablo-3-blanc\/\" \/>\n<meta property=\"og:site_name\" content=\"Sollux Lighting\" \/>\n<meta property=\"article:modified_time\" content=\"2024-03-26T17:29:22+00:00\" \/>\n<meta property=\"og:image\" content=\"https:\/\/sollux-lighting.com\/wp-content\/uploads\/2023\/03\/0630-1-k.jpg\" \/>\n\t<meta property=\"og:image:width\" content=\"750\" \/>\n\t<meta property=\"og:image:height\" content=\"750\" \/>\n\t<meta property=\"og:image:type\" content=\"image\/jpeg\" \/>\n<meta name=\"twitter:card\" content=\"summary_large_image\" \/>\n<script type=\"application\/ld+json\" class=\"yoast-schema-graph\">{\"@context\":\"https:\/\/schema.org\",\"@graph\":[{\"@type\":\"WebPage\",\"@id\":\"https:\/\/sollux-lighting.com\/fr\/nasza-oferta\/non class\u00e9\/lampe-pendante-pablo-3-blanc\/\",\"url\":\"https:\/\/sollux-lighting.com\/fr\/nasza-oferta\/non class\u00e9\/lampe-pendante-pablo-3-blanc\/\",\"name\":\"Lampe pendante PABLO 3 blanc - Sollux Lighting\",\"isPartOf\":{\"@id\":\"https:\/\/sollux-lighting.com\/fr\/#website\"},\"primaryImageOfPage\":{\"@id\":\"https:\/\/sollux-lighting.com\/fr\/nasza-oferta\/non class\u00e9\/lampe-pendante-pablo-3-blanc\/#primaryimage\"},\"image\":{\"@id\":\"https:\/\/sollux-lighting.com\/fr\/nasza-oferta\/non class\u00e9\/lampe-pendante-pablo-3-blanc\/#primaryimage\"},\"thumbnailUrl\":\"https:\/\/sollux-lighting.com\/wp-content\/uploads\/2023\/03\/0630-1-k.jpg\",\"datePublished\":\"2023-03-17T10:26:01+00:00\",\"dateModified\":\"2024-03-26T17:29:22+00:00\",\"breadcrumb\":{\"@id\":\"https:\/\/sollux-lighting.com\/fr\/nasza-oferta\/non class\u00e9\/lampe-pendante-pablo-3-blanc\/#breadcrumb\"},\"inLanguage\":\"fr-FR\",\"potentialAction\":[{\"@type\":\"ReadAction\",\"target\":[\"https:\/\/sollux-lighting.com\/fr\/nasza-oferta\/non class\u00e9\/lampe-pendante-pablo-3-blanc\/\"]}]},{\"@type\":\"ImageObject\",\"inLanguage\":\"fr-FR\",\"@id\":\"https:\/\/sollux-lighting.com\/fr\/nasza-oferta\/non class\u00e9\/lampe-pendante-pablo-3-blanc\/#primaryimage\",\"url\":\"https:\/\/sollux-lighting.com\/wp-content\/uploads\/2023\/03\/0630-1-k.jpg\",\"contentUrl\":\"https:\/\/sollux-lighting.com\/wp-content\/uploads\/2023\/03\/0630-1-k.jpg\",\"width\":750,\"height\":750},{\"@type\":\"BreadcrumbList\",\"@id\":\"https:\/\/sollux-lighting.com\/fr\/nasza-oferta\/non class\u00e9\/lampe-pendante-pablo-3-blanc\/#breadcrumb\",\"itemListElement\":[{\"@type\":\"ListItem\",\"position\":1,\"name\":\"Page d'accueil\",\"item\":\"https:\/\/sollux-lighting.com\/fr\/\"},{\"@type\":\"ListItem\",\"position\":2,\"name\":\"Notre offre\",\"item\":\"https:\/\/sollux-lighting.com\/fr\/notre-offre\/\"},{\"@type\":\"ListItem\",\"position\":3,\"name\":\"Lampe pendante PABLO 3 blanc\"}]},{\"@type\":\"WebSite\",\"@id\":\"https:\/\/sollux-lighting.com\/fr\/#website\",\"url\":\"https:\/\/sollux-lighting.com\/fr\/\",\"name\":\"Sollux Lighting\",\"description\":\"Brighten up your business\",\"publisher\":{\"@id\":\"https:\/\/sollux-lighting.com\/fr\/#organization\"},\"potentialAction\":[{\"@type\":\"SearchAction\",\"target\":{\"@type\":\"EntryPoint\",\"urlTemplate\":\"https:\/\/sollux-lighting.com\/fr\/?s={search_term_string}\"},\"query-input\":{\"@type\":\"PropertyValueSpecification\",\"valueRequired\":true,\"valueName\":\"search_term_string\"}}],\"inLanguage\":\"fr-FR\"},{\"@type\":\"Organization\",\"@id\":\"https:\/\/sollux-lighting.com\/fr\/#organization\",\"name\":\"Sollux Lighting\",\"url\":\"https:\/\/sollux-lighting.com\/fr\/\",\"logo\":{\"@type\":\"ImageObject\",\"inLanguage\":\"fr-FR\",\"@id\":\"https:\/\/sollux-lighting.com\/fr\/#\/schema\/logo\/image\/\",\"url\":\"https:\/\/sollux-lighting.com\/wp-content\/uploads\/2023\/02\/LOGO.svg\",\"contentUrl\":\"https:\/\/sollux-lighting.com\/wp-content\/uploads\/2023\/02\/LOGO.svg\",\"width\":160,\"height\":46,\"caption\":\"Sollux Lighting \"},\"image\":{\"@id\":\"https:\/\/sollux-lighting.com\/fr\/#\/schema\/logo\/image\/\"}}]}<\/script>\n<!-- \/ Yoast SEO plugin. -->","yoast_head_json":{"title":"Lampe pendante PABLO 3 blanc - Sollux Lighting","robots":{"index":"index","follow":"follow","max-snippet":"max-snippet:-1","max-image-preview":"max-image-preview:large","max-video-preview":"max-video-preview:-1"},"canonical":"https:\/\/sollux-lighting.com\/fr\/nasza-oferta\/non class\u00e9\/lampe-pendante-pablo-3-blanc\/","og_locale":"fr_FR","og_type":"article","og_title":"Lampe pendante PABLO 3 blanc - Sollux Lighting","og_description":"Source de lumi\u00e8re : GU10, 3x max 10W LED, 50Hz, ~230V, IP20, classe de protection I La source de lumi\u00e8re n'est pas incluse. Dimensions : 45\/6\/90 cm Dimensions de l'abat-jour : 6\/30 cm Mat\u00e9riau : acier, bois Couleur : blanc, bois naturel","og_url":"https:\/\/sollux-lighting.com\/fr\/nasza-oferta\/non class\u00e9\/lampe-pendante-pablo-3-blanc\/","og_site_name":"Sollux Lighting","article_modified_time":"2024-03-26T17:29:22+00:00","og_image":[{"width":750,"height":750,"url":"https:\/\/sollux-lighting.com\/wp-content\/uploads\/2023\/03\/0630-1-k.jpg","type":"image\/jpeg"}],"twitter_card":"summary_large_image","schema":{"@context":"https:\/\/schema.org","@graph":[{"@type":"WebPage","@id":"https:\/\/sollux-lighting.com\/fr\/nasza-oferta\/non class\u00e9\/lampe-pendante-pablo-3-blanc\/","url":"https:\/\/sollux-lighting.com\/fr\/nasza-oferta\/non class\u00e9\/lampe-pendante-pablo-3-blanc\/","name":"Lampe pendante PABLO 3 blanc - Sollux Lighting","isPartOf":{"@id":"https:\/\/sollux-lighting.com\/fr\/#website"},"primaryImageOfPage":{"@id":"https:\/\/sollux-lighting.com\/fr\/nasza-oferta\/non class\u00e9\/lampe-pendante-pablo-3-blanc\/#primaryimage"},"image":{"@id":"https:\/\/sollux-lighting.com\/fr\/nasza-oferta\/non class\u00e9\/lampe-pendante-pablo-3-blanc\/#primaryimage"},"thumbnailUrl":"https:\/\/sollux-lighting.com\/wp-content\/uploads\/2023\/03\/0630-1-k.jpg","datePublished":"2023-03-17T10:26:01+00:00","dateModified":"2024-03-26T17:29:22+00:00","breadcrumb":{"@id":"https:\/\/sollux-lighting.com\/fr\/nasza-oferta\/non class\u00e9\/lampe-pendante-pablo-3-blanc\/#breadcrumb"},"inLanguage":"fr-FR","potentialAction":[{"@type":"ReadAction","target":["https:\/\/sollux-lighting.com\/fr\/nasza-oferta\/non class\u00e9\/lampe-pendante-pablo-3-blanc\/"]}]},{"@type":"ImageObject","inLanguage":"fr-FR","@id":"https:\/\/sollux-lighting.com\/fr\/nasza-oferta\/non class\u00e9\/lampe-pendante-pablo-3-blanc\/#primaryimage","url":"https:\/\/sollux-lighting.com\/wp-content\/uploads\/2023\/03\/0630-1-k.jpg","contentUrl":"https:\/\/sollux-lighting.com\/wp-content\/uploads\/2023\/03\/0630-1-k.jpg","width":750,"height":750},{"@type":"BreadcrumbList","@id":"https:\/\/sollux-lighting.com\/fr\/nasza-oferta\/non class\u00e9\/lampe-pendante-pablo-3-blanc\/#breadcrumb","itemListElement":[{"@type":"ListItem","position":1,"name":"Page d'accueil","item":"https:\/\/sollux-lighting.com\/fr\/"},{"@type":"ListItem","position":2,"name":"Notre offre","item":"https:\/\/sollux-lighting.com\/fr\/notre-offre\/"},{"@type":"ListItem","position":3,"name":"Lampe pendante PABLO 3 blanc"}]},{"@type":"WebSite","@id":"https:\/\/sollux-lighting.com\/fr\/#website","url":"https:\/\/sollux-lighting.com\/fr\/","name":"Sollux Lighting","description":"Brighten up your business","publisher":{"@id":"https:\/\/sollux-lighting.com\/fr\/#organization"},"potentialAction":[{"@type":"SearchAction","target":{"@type":"EntryPoint","urlTemplate":"https:\/\/sollux-lighting.com\/fr\/?s={search_term_string}"},"query-input":{"@type":"PropertyValueSpecification","valueRequired":true,"valueName":"search_term_string"}}],"inLanguage":"fr-FR"},{"@type":"Organization","@id":"https:\/\/sollux-lighting.com\/fr\/#organization","name":"Sollux Lighting","url":"https:\/\/sollux-lighting.com\/fr\/","logo":{"@type":"ImageObject","inLanguage":"fr-FR","@id":"https:\/\/sollux-lighting.com\/fr\/#\/schema\/logo\/image\/","url":"https:\/\/sollux-lighting.com\/wp-content\/uploads\/2023\/02\/LOGO.svg","contentUrl":"https:\/\/sollux-lighting.com\/wp-content\/uploads\/2023\/02\/LOGO.svg","width":160,"height":46,"caption":"Sollux Lighting "},"image":{"@id":"https:\/\/sollux-lighting.com\/fr\/#\/schema\/logo\/image\/"}}]}},"_links":{"self":[{"href":"https:\/\/sollux-lighting.com\/fr\/wp-json\/wp\/v2\/product\/72741","targetHints":{"allow":["GET"]}}],"collection":[{"href":"https:\/\/sollux-lighting.com\/fr\/wp-json\/wp\/v2\/product"}],"about":[{"href":"https:\/\/sollux-lighting.com\/fr\/wp-json\/wp\/v2\/types\/product"}],"wp:featuredmedia":[{"embeddable":true,"href":"https:\/\/sollux-lighting.com\/fr\/wp-json\/wp\/v2\/media\/48744"}],"wp:attachment":[{"href":"https:\/\/sollux-lighting.com\/fr\/wp-json\/wp\/v2\/media?parent=72741"}],"wp:term":[{"taxonomy":"product_brand","embeddable":true,"href":"https:\/\/sollux-lighting.com\/fr\/wp-json\/wp\/v2\/product_brand?post=72741"},{"taxonomy":"product_cat","embeddable":true,"href":"https:\/\/sollux-lighting.com\/fr\/wp-json\/wp\/v2\/product_cat?post=72741"},{"taxonomy":"product_tag","embeddable":true,"href":"https:\/\/sollux-lighting.com\/fr\/wp-json\/wp\/v2\/product_tag?post=72741"}],"curies":[{"name":"wp","href":"https:\/\/api.w.org\/{rel}","templated":true}]}}

https://test.sollux-lighting.com/nasza-oferta/non%20classé/lampe-pendante-pablo-3-blanc/

https://sollux-lighting.com/fr/nasza-oferta/non classé/lampe-pendante-pablo-3-blanc/

<p>La collection PABLO comprend des lampes suspendues étroites créées à partir d&rsquo;une combinaison intéressante de matériaux &#8211; acier et bois dans des couleurs classiques. Les versions noires et bois s&rsquo;intégreront parfaitement à l&rsquo;élégance brute des espaces loft, tandis que les lampes combinant le blanc avec une nuance chaude de bois sont parfaites pour les décors lumineux, scandinaves et modernes. Grâce à leur forme simple, les lampes PABLO complèteront subtilement l&rsquo;ensemble de l&rsquo;intérieur au lieu de l&rsquo;éclipser. Trouverez-vous une place pour elles dans votre maison ?</p>

<p>Source de lumière : GU10, 3x max 10W LED, 50Hz, ~230V, IP20, classe de protection I<br />
La source de lumière n&rsquo;est pas incluse.<br />
Dimensions : 45/6/90 cm<br />
Dimensions de l&rsquo;abat-jour : 6/30 cm<br />
Matériau : acier, bois<br />
Couleur : blanc, bois naturel</p>

<!-- This site is optimized with the Yoast SEO plugin v25.4 - https://yoast.com/wordpress/plugins/seo/ -->
<title>Lampe pendante PABLO 3 blanc - Sollux Lighting</title>
<meta name="robots" content="index, follow, max-snippet:-1, max-image-preview:large, max-video-preview:-1" />
<link rel="canonical" href="https://sollux-lighting.com/fr/nasza-oferta/non%20classé/lampe-pendante-pablo-3-blanc/" />
<meta property="og:locale" content="fr_FR" />
<meta property="og:type" content="article" />
<meta property="og:title" content="Lampe pendante PABLO 3 blanc - Sollux Lighting" />
<meta property="og:description" content="Source de lumière : GU10, 3x max 10W LED, 50Hz, ~230V, IP20, classe de protection I La source de lumière n&#039;est pas incluse. Dimensions : 45/6/90 cm Dimensions de l&#039;abat-jour : 6/30 cm Matériau : acier, bois Couleur : blanc, bois naturel" />
<meta property="og:url" content="https://sollux-lighting.com/fr/nasza-oferta/non classé/lampe-pendante-pablo-3-blanc/" />
<meta property="og:site_name" content="Sollux Lighting" />
<meta property="article:modified_time" content="2024-03-26T17:29:22+00:00" />
<meta property="og:image" content="https://sollux-lighting.com/wp-content/uploads/2023/03/0630-1-k.jpg" />
	<meta property="og:image:width" content="750" />
	<meta property="og:image:height" content="750" />
	<meta property="og:image:type" content="image/jpeg" />
<meta name="twitter:card" content="summary_large_image" />
<script type="application/ld+json" class="yoast-schema-graph">{"@context":"https://schema.org","@graph":[{"@type":"WebPage","@id":"https://sollux-lighting.com/fr/nasza-oferta/non classé/lampe-pendante-pablo-3-blanc/","url":"https://sollux-lighting.com/fr/nasza-oferta/non classé/lampe-pendante-pablo-3-blanc/","name":"Lampe pendante PABLO 3 blanc - Sollux Lighting","isPartOf":{"@id":"https://sollux-lighting.com/fr/#website"},"primaryImageOfPage":{"@id":"https://sollux-lighting.com/fr/nasza-oferta/non classé/lampe-pendante-pablo-3-blanc/#primaryimage"},"image":{"@id":"https://sollux-lighting.com/fr/nasza-oferta/non classé/lampe-pendante-pablo-3-blanc/#primaryimage"},"thumbnailUrl":"https://sollux-lighting.com/wp-content/uploads/2023/03/0630-1-k.jpg","datePublished":"2023-03-17T10:26:01+00:00","dateModified":"2024-03-26T17:29:22+00:00","breadcrumb":{"@id":"https://sollux-lighting.com/fr/nasza-oferta/non classé/lampe-pendante-pablo-3-blanc/#breadcrumb"},"inLanguage":"fr-FR","potentialAction":[{"@type":"ReadAction","target":["https://sollux-lighting.com/fr/nasza-oferta/non classé/lampe-pendante-pablo-3-blanc/"]}]},{"@type":"ImageObject","inLanguage":"fr-FR","@id":"https://sollux-lighting.com/fr/nasza-oferta/non classé/lampe-pendante-pablo-3-blanc/#primaryimage","url":"https://sollux-lighting.com/wp-content/uploads/2023/03/0630-1-k.jpg","contentUrl":"https://sollux-lighting.com/wp-content/uploads/2023/03/0630-1-k.jpg","width":750,"height":750},{"@type":"BreadcrumbList","@id":"https://sollux-lighting.com/fr/nasza-oferta/non classé/lampe-pendante-pablo-3-blanc/#breadcrumb","itemListElement":[{"@type":"ListItem","position":1,"name":"Page d'accueil","item":"https://sollux-lighting.com/fr/"},{"@type":"ListItem","position":2,"name":"Notre offre","item":"https://sollux-lighting.com/fr/notre-offre/"},{"@type":"ListItem","position":3,"name":"Lampe pendante PABLO 3 blanc"}]},{"@type":"WebSite","@id":"https://sollux-lighting.com/fr/#website","url":"https://sollux-lighting.com/fr/","name":"Sollux Lighting","description":"Brighten up your business","publisher":{"@id":"https://sollux-lighting.com/fr/#organization"},"potentialAction":[{"@type":"SearchAction","target":{"@type":"EntryPoint","urlTemplate":"https://sollux-lighting.com/fr/?s={search_term_string}"},"query-input":{"@type":"PropertyValueSpecification","valueRequired":true,"valueName":"search_term_string"}}],"inLanguage":"fr-FR"},{"@type":"Organization","@id":"https://sollux-lighting.com/fr/#organization","name":"Sollux Lighting","url":"https://sollux-lighting.com/fr/","logo":{"@type":"ImageObject","inLanguage":"fr-FR","@id":"https://sollux-lighting.com/fr/#/schema/logo/image/","url":"https://sollux-lighting.com/wp-content/uploads/2023/02/LOGO.svg","contentUrl":"https://sollux-lighting.com/wp-content/uploads/2023/02/LOGO.svg","width":160,"height":46,"caption":"Sollux Lighting "},"image":{"@id":"https://sollux-lighting.com/fr/#/schema/logo/image/"}}]}</script>
<!-- / Yoast SEO plugin. -->

Source de lumière : GU10, 3x max 10W LED, 50Hz, ~230V, IP20, classe de protection I La source de lumière n'est pas incluse. Dimensions : 45/6/90 cm Dimensions de l'abat-jour : 6/30 cm Matériau : acier, bois Couleur : blanc, bois naturel

https://sollux-lighting.com/fr/nasza-oferta/non classé/lampe-pendante-pablo-3-blanc/#primaryimage

https://sollux-lighting.com/fr/nasza-oferta/non classé/lampe-pendante-pablo-3-blanc/#breadcrumb
