{"id":72636,"date":"2023-03-17T11:20:01","date_gmt":"2023-03-17T10:20:01","guid":{"rendered":"https:\/\/test.sollux-lighting.com\/nasza-oferta\/non%20class\u00e9\/lampe-pendante-arancia-en-bois-naturel\/"},"modified":"2024-03-26T18:21:29","modified_gmt":"2024-03-26T17:21:29","slug":"lampe-pendante-arancia-en-bois-naturel","status":"publish","type":"product","link":"https:\/\/sollux-lighting.com\/fr\/nasza-oferta\/non class\u00e9\/lampe-pendante-arancia-en-bois-naturel\/","title":{"rendered":"Lampe pendante ARANCIA en bois naturel"},"content":{"rendered":"<p>Ces lampes suspendues sont propos\u00e9es aux personnes qui recherchent un mobilier d&rsquo;int\u00e9rieur moderne, mais qui ne sont pas partisans du blanc et du noir ainsi que des arrangements st\u00e9riles qui dominent actuellement. Ces mod\u00e8les peuvent \u00eatre utilis\u00e9s dans presque toutes les pi\u00e8ces. Le design de ces lampes suspendues contribuera \u00e0 cr\u00e9er une atmosph\u00e8re cosy propice au repos. Leur application pratique s&rsquo;accorde parfaitement avec le caract\u00e8re unique du bois naturel.<\/p>\n","protected":false},"excerpt":{"rendered":"<p>Source de lumi\u00e8re : E27, 1x max 15W LED, 50Hz, ~230V, IP20, classe de protection II<br \/>\nLa source de lumi\u00e8re n&rsquo;est pas incluse.<br \/>\nDimensions : 28\/28\/100 cm<br \/>\nDimensions de l&rsquo;abat-jour : 28\/30 cm<br \/>\nMat\u00e9riau : bois<br \/>\nCouleur : bois naturel<\/p>\n","protected":false},"featured_media":45909,"template":"","meta":{"_acf_changed":false},"product_brand":[],"product_cat":[],"product_tag":[],"class_list":{"0":"post-72636","1":"product","2":"type-product","3":"status-publish","4":"has-post-thumbnail","7":"first","8":"instock","9":"product-type-simple"},"acf":[],"yoast_head":"<!-- This site is optimized with the Yoast SEO plugin v25.4 - https:\/\/yoast.com\/wordpress\/plugins\/seo\/ -->\n<title>Lampe pendante ARANCIA en bois naturel - Sollux Lighting<\/title>\n<meta name=\"robots\" content=\"index, follow, max-snippet:-1, max-image-preview:large, max-video-preview:-1\" \/>\n<link rel=\"canonical\" href=\"https:\/\/sollux-lighting.com\/fr\/nasza-oferta\/non%20class\u00e9\/lampe-pendante-arancia-en-bois-naturel\/\" \/>\n<meta property=\"og:locale\" content=\"fr_FR\" \/>\n<meta property=\"og:type\" content=\"article\" \/>\n<meta property=\"og:title\" content=\"Lampe pendante ARANCIA en bois naturel - Sollux Lighting\" \/>\n<meta property=\"og:description\" content=\"Source de lumi\u00e8re : E27, 1x max 15W LED, 50Hz, ~230V, IP20, classe de protection II La source de lumi\u00e8re n&#039;est pas incluse. Dimensions : 28\/28\/100 cm Dimensions de l&#039;abat-jour : 28\/30 cm Mat\u00e9riau : bois Couleur : bois naturel\" \/>\n<meta property=\"og:url\" content=\"https:\/\/sollux-lighting.com\/fr\/nasza-oferta\/non class\u00e9\/lampe-pendante-arancia-en-bois-naturel\/\" \/>\n<meta property=\"og:site_name\" content=\"Sollux Lighting\" \/>\n<meta property=\"article:modified_time\" content=\"2024-03-26T17:21:29+00:00\" \/>\n<meta property=\"og:image\" content=\"https:\/\/sollux-lighting.com\/wp-content\/uploads\/2023\/03\/0391-1-k.jpg\" \/>\n\t<meta property=\"og:image:width\" content=\"750\" \/>\n\t<meta property=\"og:image:height\" content=\"750\" \/>\n\t<meta property=\"og:image:type\" content=\"image\/jpeg\" \/>\n<meta name=\"twitter:card\" content=\"summary_large_image\" \/>\n<script type=\"application\/ld+json\" class=\"yoast-schema-graph\">{\"@context\":\"https:\/\/schema.org\",\"@graph\":[{\"@type\":\"WebPage\",\"@id\":\"https:\/\/sollux-lighting.com\/fr\/nasza-oferta\/non class\u00e9\/lampe-pendante-arancia-en-bois-naturel\/\",\"url\":\"https:\/\/sollux-lighting.com\/fr\/nasza-oferta\/non class\u00e9\/lampe-pendante-arancia-en-bois-naturel\/\",\"name\":\"Lampe pendante ARANCIA en bois naturel - Sollux Lighting\",\"isPartOf\":{\"@id\":\"https:\/\/sollux-lighting.com\/fr\/#website\"},\"primaryImageOfPage\":{\"@id\":\"https:\/\/sollux-lighting.com\/fr\/nasza-oferta\/non class\u00e9\/lampe-pendante-arancia-en-bois-naturel\/#primaryimage\"},\"image\":{\"@id\":\"https:\/\/sollux-lighting.com\/fr\/nasza-oferta\/non class\u00e9\/lampe-pendante-arancia-en-bois-naturel\/#primaryimage\"},\"thumbnailUrl\":\"https:\/\/sollux-lighting.com\/wp-content\/uploads\/2023\/03\/0391-1-k.jpg\",\"datePublished\":\"2023-03-17T10:20:01+00:00\",\"dateModified\":\"2024-03-26T17:21:29+00:00\",\"breadcrumb\":{\"@id\":\"https:\/\/sollux-lighting.com\/fr\/nasza-oferta\/non class\u00e9\/lampe-pendante-arancia-en-bois-naturel\/#breadcrumb\"},\"inLanguage\":\"fr-FR\",\"potentialAction\":[{\"@type\":\"ReadAction\",\"target\":[\"https:\/\/sollux-lighting.com\/fr\/nasza-oferta\/non class\u00e9\/lampe-pendante-arancia-en-bois-naturel\/\"]}]},{\"@type\":\"ImageObject\",\"inLanguage\":\"fr-FR\",\"@id\":\"https:\/\/sollux-lighting.com\/fr\/nasza-oferta\/non class\u00e9\/lampe-pendante-arancia-en-bois-naturel\/#primaryimage\",\"url\":\"https:\/\/sollux-lighting.com\/wp-content\/uploads\/2023\/03\/0391-1-k.jpg\",\"contentUrl\":\"https:\/\/sollux-lighting.com\/wp-content\/uploads\/2023\/03\/0391-1-k.jpg\",\"width\":750,\"height\":750},{\"@type\":\"BreadcrumbList\",\"@id\":\"https:\/\/sollux-lighting.com\/fr\/nasza-oferta\/non class\u00e9\/lampe-pendante-arancia-en-bois-naturel\/#breadcrumb\",\"itemListElement\":[{\"@type\":\"ListItem\",\"position\":1,\"name\":\"Page d'accueil\",\"item\":\"https:\/\/sollux-lighting.com\/fr\/\"},{\"@type\":\"ListItem\",\"position\":2,\"name\":\"Notre offre\",\"item\":\"https:\/\/sollux-lighting.com\/fr\/notre-offre\/\"},{\"@type\":\"ListItem\",\"position\":3,\"name\":\"Lampe pendante ARANCIA en bois naturel\"}]},{\"@type\":\"WebSite\",\"@id\":\"https:\/\/sollux-lighting.com\/fr\/#website\",\"url\":\"https:\/\/sollux-lighting.com\/fr\/\",\"name\":\"Sollux Lighting\",\"description\":\"Brighten up your business\",\"publisher\":{\"@id\":\"https:\/\/sollux-lighting.com\/fr\/#organization\"},\"potentialAction\":[{\"@type\":\"SearchAction\",\"target\":{\"@type\":\"EntryPoint\",\"urlTemplate\":\"https:\/\/sollux-lighting.com\/fr\/?s={search_term_string}\"},\"query-input\":{\"@type\":\"PropertyValueSpecification\",\"valueRequired\":true,\"valueName\":\"search_term_string\"}}],\"inLanguage\":\"fr-FR\"},{\"@type\":\"Organization\",\"@id\":\"https:\/\/sollux-lighting.com\/fr\/#organization\",\"name\":\"Sollux Lighting\",\"url\":\"https:\/\/sollux-lighting.com\/fr\/\",\"logo\":{\"@type\":\"ImageObject\",\"inLanguage\":\"fr-FR\",\"@id\":\"https:\/\/sollux-lighting.com\/fr\/#\/schema\/logo\/image\/\",\"url\":\"https:\/\/sollux-lighting.com\/wp-content\/uploads\/2023\/02\/LOGO.svg\",\"contentUrl\":\"https:\/\/sollux-lighting.com\/wp-content\/uploads\/2023\/02\/LOGO.svg\",\"width\":160,\"height\":46,\"caption\":\"Sollux Lighting \"},\"image\":{\"@id\":\"https:\/\/sollux-lighting.com\/fr\/#\/schema\/logo\/image\/\"}}]}<\/script>\n<!-- \/ Yoast SEO plugin. -->","yoast_head_json":{"title":"Lampe pendante ARANCIA en bois naturel - Sollux Lighting","robots":{"index":"index","follow":"follow","max-snippet":"max-snippet:-1","max-image-preview":"max-image-preview:large","max-video-preview":"max-video-preview:-1"},"canonical":"https:\/\/sollux-lighting.com\/fr\/nasza-oferta\/non class\u00e9\/lampe-pendante-arancia-en-bois-naturel\/","og_locale":"fr_FR","og_type":"article","og_title":"Lampe pendante ARANCIA en bois naturel - Sollux Lighting","og_description":"Source de lumi\u00e8re : E27, 1x max 15W LED, 50Hz, ~230V, IP20, classe de protection II La source de lumi\u00e8re n'est pas incluse. Dimensions : 28\/28\/100 cm Dimensions de l'abat-jour : 28\/30 cm Mat\u00e9riau : bois Couleur : bois naturel","og_url":"https:\/\/sollux-lighting.com\/fr\/nasza-oferta\/non class\u00e9\/lampe-pendante-arancia-en-bois-naturel\/","og_site_name":"Sollux Lighting","article_modified_time":"2024-03-26T17:21:29+00:00","og_image":[{"width":750,"height":750,"url":"https:\/\/sollux-lighting.com\/wp-content\/uploads\/2023\/03\/0391-1-k.jpg","type":"image\/jpeg"}],"twitter_card":"summary_large_image","schema":{"@context":"https:\/\/schema.org","@graph":[{"@type":"WebPage","@id":"https:\/\/sollux-lighting.com\/fr\/nasza-oferta\/non class\u00e9\/lampe-pendante-arancia-en-bois-naturel\/","url":"https:\/\/sollux-lighting.com\/fr\/nasza-oferta\/non class\u00e9\/lampe-pendante-arancia-en-bois-naturel\/","name":"Lampe pendante ARANCIA en bois naturel - Sollux Lighting","isPartOf":{"@id":"https:\/\/sollux-lighting.com\/fr\/#website"},"primaryImageOfPage":{"@id":"https:\/\/sollux-lighting.com\/fr\/nasza-oferta\/non class\u00e9\/lampe-pendante-arancia-en-bois-naturel\/#primaryimage"},"image":{"@id":"https:\/\/sollux-lighting.com\/fr\/nasza-oferta\/non class\u00e9\/lampe-pendante-arancia-en-bois-naturel\/#primaryimage"},"thumbnailUrl":"https:\/\/sollux-lighting.com\/wp-content\/uploads\/2023\/03\/0391-1-k.jpg","datePublished":"2023-03-17T10:20:01+00:00","dateModified":"2024-03-26T17:21:29+00:00","breadcrumb":{"@id":"https:\/\/sollux-lighting.com\/fr\/nasza-oferta\/non class\u00e9\/lampe-pendante-arancia-en-bois-naturel\/#breadcrumb"},"inLanguage":"fr-FR","potentialAction":[{"@type":"ReadAction","target":["https:\/\/sollux-lighting.com\/fr\/nasza-oferta\/non class\u00e9\/lampe-pendante-arancia-en-bois-naturel\/"]}]},{"@type":"ImageObject","inLanguage":"fr-FR","@id":"https:\/\/sollux-lighting.com\/fr\/nasza-oferta\/non class\u00e9\/lampe-pendante-arancia-en-bois-naturel\/#primaryimage","url":"https:\/\/sollux-lighting.com\/wp-content\/uploads\/2023\/03\/0391-1-k.jpg","contentUrl":"https:\/\/sollux-lighting.com\/wp-content\/uploads\/2023\/03\/0391-1-k.jpg","width":750,"height":750},{"@type":"BreadcrumbList","@id":"https:\/\/sollux-lighting.com\/fr\/nasza-oferta\/non class\u00e9\/lampe-pendante-arancia-en-bois-naturel\/#breadcrumb","itemListElement":[{"@type":"ListItem","position":1,"name":"Page d'accueil","item":"https:\/\/sollux-lighting.com\/fr\/"},{"@type":"ListItem","position":2,"name":"Notre offre","item":"https:\/\/sollux-lighting.com\/fr\/notre-offre\/"},{"@type":"ListItem","position":3,"name":"Lampe pendante ARANCIA en bois naturel"}]},{"@type":"WebSite","@id":"https:\/\/sollux-lighting.com\/fr\/#website","url":"https:\/\/sollux-lighting.com\/fr\/","name":"Sollux Lighting","description":"Brighten up your business","publisher":{"@id":"https:\/\/sollux-lighting.com\/fr\/#organization"},"potentialAction":[{"@type":"SearchAction","target":{"@type":"EntryPoint","urlTemplate":"https:\/\/sollux-lighting.com\/fr\/?s={search_term_string}"},"query-input":{"@type":"PropertyValueSpecification","valueRequired":true,"valueName":"search_term_string"}}],"inLanguage":"fr-FR"},{"@type":"Organization","@id":"https:\/\/sollux-lighting.com\/fr\/#organization","name":"Sollux Lighting","url":"https:\/\/sollux-lighting.com\/fr\/","logo":{"@type":"ImageObject","inLanguage":"fr-FR","@id":"https:\/\/sollux-lighting.com\/fr\/#\/schema\/logo\/image\/","url":"https:\/\/sollux-lighting.com\/wp-content\/uploads\/2023\/02\/LOGO.svg","contentUrl":"https:\/\/sollux-lighting.com\/wp-content\/uploads\/2023\/02\/LOGO.svg","width":160,"height":46,"caption":"Sollux Lighting "},"image":{"@id":"https:\/\/sollux-lighting.com\/fr\/#\/schema\/logo\/image\/"}}]}},"_links":{"self":[{"href":"https:\/\/sollux-lighting.com\/fr\/wp-json\/wp\/v2\/product\/72636","targetHints":{"allow":["GET"]}}],"collection":[{"href":"https:\/\/sollux-lighting.com\/fr\/wp-json\/wp\/v2\/product"}],"about":[{"href":"https:\/\/sollux-lighting.com\/fr\/wp-json\/wp\/v2\/types\/product"}],"wp:featuredmedia":[{"embeddable":true,"href":"https:\/\/sollux-lighting.com\/fr\/wp-json\/wp\/v2\/media\/45909"}],"wp:attachment":[{"href":"https:\/\/sollux-lighting.com\/fr\/wp-json\/wp\/v2\/media?parent=72636"}],"wp:term":[{"taxonomy":"product_brand","embeddable":true,"href":"https:\/\/sollux-lighting.com\/fr\/wp-json\/wp\/v2\/product_brand?post=72636"},{"taxonomy":"product_cat","embeddable":true,"href":"https:\/\/sollux-lighting.com\/fr\/wp-json\/wp\/v2\/product_cat?post=72636"},{"taxonomy":"product_tag","embeddable":true,"href":"https:\/\/sollux-lighting.com\/fr\/wp-json\/wp\/v2\/product_tag?post=72636"}],"curies":[{"name":"wp","href":"https:\/\/api.w.org\/{rel}","templated":true}]}}

https://test.sollux-lighting.com/nasza-oferta/non%20classé/lampe-pendante-arancia-en-bois-naturel/

https://sollux-lighting.com/fr/nasza-oferta/non classé/lampe-pendante-arancia-en-bois-naturel/

<p>Ces lampes suspendues sont proposées aux personnes qui recherchent un mobilier d&rsquo;intérieur moderne, mais qui ne sont pas partisans du blanc et du noir ainsi que des arrangements stériles qui dominent actuellement. Ces modèles peuvent être utilisés dans presque toutes les pièces. Le design de ces lampes suspendues contribuera à créer une atmosphère cosy propice au repos. Leur application pratique s&rsquo;accorde parfaitement avec le caractère unique du bois naturel.</p>

<p>Source de lumière : E27, 1x max 15W LED, 50Hz, ~230V, IP20, classe de protection II<br />
La source de lumière n&rsquo;est pas incluse.<br />
Dimensions : 28/28/100 cm<br />
Dimensions de l&rsquo;abat-jour : 28/30 cm<br />
Matériau : bois<br />
Couleur : bois naturel</p>

<!-- This site is optimized with the Yoast SEO plugin v25.4 - https://yoast.com/wordpress/plugins/seo/ -->
<title>Lampe pendante ARANCIA en bois naturel - Sollux Lighting</title>
<meta name="robots" content="index, follow, max-snippet:-1, max-image-preview:large, max-video-preview:-1" />
<link rel="canonical" href="https://sollux-lighting.com/fr/nasza-oferta/non%20classé/lampe-pendante-arancia-en-bois-naturel/" />
<meta property="og:locale" content="fr_FR" />
<meta property="og:type" content="article" />
<meta property="og:title" content="Lampe pendante ARANCIA en bois naturel - Sollux Lighting" />
<meta property="og:description" content="Source de lumière : E27, 1x max 15W LED, 50Hz, ~230V, IP20, classe de protection II La source de lumière n&#039;est pas incluse. Dimensions : 28/28/100 cm Dimensions de l&#039;abat-jour : 28/30 cm Matériau : bois Couleur : bois naturel" />
<meta property="og:url" content="https://sollux-lighting.com/fr/nasza-oferta/non classé/lampe-pendante-arancia-en-bois-naturel/" />
<meta property="og:site_name" content="Sollux Lighting" />
<meta property="article:modified_time" content="2024-03-26T17:21:29+00:00" />
<meta property="og:image" content="https://sollux-lighting.com/wp-content/uploads/2023/03/0391-1-k.jpg" />
	<meta property="og:image:width" content="750" />
	<meta property="og:image:height" content="750" />
	<meta property="og:image:type" content="image/jpeg" />
<meta name="twitter:card" content="summary_large_image" />
<script type="application/ld+json" class="yoast-schema-graph">{"@context":"https://schema.org","@graph":[{"@type":"WebPage","@id":"https://sollux-lighting.com/fr/nasza-oferta/non classé/lampe-pendante-arancia-en-bois-naturel/","url":"https://sollux-lighting.com/fr/nasza-oferta/non classé/lampe-pendante-arancia-en-bois-naturel/","name":"Lampe pendante ARANCIA en bois naturel - Sollux Lighting","isPartOf":{"@id":"https://sollux-lighting.com/fr/#website"},"primaryImageOfPage":{"@id":"https://sollux-lighting.com/fr/nasza-oferta/non classé/lampe-pendante-arancia-en-bois-naturel/#primaryimage"},"image":{"@id":"https://sollux-lighting.com/fr/nasza-oferta/non classé/lampe-pendante-arancia-en-bois-naturel/#primaryimage"},"thumbnailUrl":"https://sollux-lighting.com/wp-content/uploads/2023/03/0391-1-k.jpg","datePublished":"2023-03-17T10:20:01+00:00","dateModified":"2024-03-26T17:21:29+00:00","breadcrumb":{"@id":"https://sollux-lighting.com/fr/nasza-oferta/non classé/lampe-pendante-arancia-en-bois-naturel/#breadcrumb"},"inLanguage":"fr-FR","potentialAction":[{"@type":"ReadAction","target":["https://sollux-lighting.com/fr/nasza-oferta/non classé/lampe-pendante-arancia-en-bois-naturel/"]}]},{"@type":"ImageObject","inLanguage":"fr-FR","@id":"https://sollux-lighting.com/fr/nasza-oferta/non classé/lampe-pendante-arancia-en-bois-naturel/#primaryimage","url":"https://sollux-lighting.com/wp-content/uploads/2023/03/0391-1-k.jpg","contentUrl":"https://sollux-lighting.com/wp-content/uploads/2023/03/0391-1-k.jpg","width":750,"height":750},{"@type":"BreadcrumbList","@id":"https://sollux-lighting.com/fr/nasza-oferta/non classé/lampe-pendante-arancia-en-bois-naturel/#breadcrumb","itemListElement":[{"@type":"ListItem","position":1,"name":"Page d'accueil","item":"https://sollux-lighting.com/fr/"},{"@type":"ListItem","position":2,"name":"Notre offre","item":"https://sollux-lighting.com/fr/notre-offre/"},{"@type":"ListItem","position":3,"name":"Lampe pendante ARANCIA en bois naturel"}]},{"@type":"WebSite","@id":"https://sollux-lighting.com/fr/#website","url":"https://sollux-lighting.com/fr/","name":"Sollux Lighting","description":"Brighten up your business","publisher":{"@id":"https://sollux-lighting.com/fr/#organization"},"potentialAction":[{"@type":"SearchAction","target":{"@type":"EntryPoint","urlTemplate":"https://sollux-lighting.com/fr/?s={search_term_string}"},"query-input":{"@type":"PropertyValueSpecification","valueRequired":true,"valueName":"search_term_string"}}],"inLanguage":"fr-FR"},{"@type":"Organization","@id":"https://sollux-lighting.com/fr/#organization","name":"Sollux Lighting","url":"https://sollux-lighting.com/fr/","logo":{"@type":"ImageObject","inLanguage":"fr-FR","@id":"https://sollux-lighting.com/fr/#/schema/logo/image/","url":"https://sollux-lighting.com/wp-content/uploads/2023/02/LOGO.svg","contentUrl":"https://sollux-lighting.com/wp-content/uploads/2023/02/LOGO.svg","width":160,"height":46,"caption":"Sollux Lighting "},"image":{"@id":"https://sollux-lighting.com/fr/#/schema/logo/image/"}}]}</script>
<!-- / Yoast SEO plugin. -->

Source de lumière : E27, 1x max 15W LED, 50Hz, ~230V, IP20, classe de protection II La source de lumière n'est pas incluse. Dimensions : 28/28/100 cm Dimensions de l'abat-jour : 28/30 cm Matériau : bois Couleur : bois naturel

https://sollux-lighting.com/fr/nasza-oferta/non classé/lampe-pendante-arancia-en-bois-naturel/#primaryimage

https://sollux-lighting.com/fr/nasza-oferta/non classé/lampe-pendante-arancia-en-bois-naturel/#breadcrumb
