{"id":74116,"date":"2023-03-17T11:41:21","date_gmt":"2023-03-17T10:41:21","guid":{"rendered":"https:\/\/test.sollux-lighting.com\/nasza-oferta\/sin%20categor\u00eda\/lampada-a-parete-senses-nero\/"},"modified":"2024-03-26T21:36:56","modified_gmt":"2024-03-26T20:36:56","slug":"lampada-a-parete-senses-nero","status":"publish","type":"product","link":"https:\/\/sollux-lighting.com\/es\/nasza-oferta\/lampara-de-pared\/lampada-a-parete-senses-nero\/","title":{"rendered":"Lampada a parete SENSES nero"},"content":{"rendered":"<p>\u00bfEst\u00e1s buscando una l\u00e1mpara de dise\u00f1ador pero minimalista para tu interior? \u00a1Acabas de encontrarla! Una forma redonda e irregular, una paleta de colores cl\u00e1sica y la simplicidad de la forma definen perfectamente SENSES, una l\u00e1mpara que puede complementar la decoraci\u00f3n de varias habitaciones. Ser\u00e1 un elemento decorativo interesante en un interior minimalista o de estilo escandinavo, pero tambi\u00e9n encontrar\u00e1 su lugar en una pared colorida. \u00a1Con SENSES, tienes espacio para experimentar! Nos gusta combinar la belleza con la funcionalidad, por lo que la superficie lisa de SENSES no solo se ve genial, sino que tambi\u00e9n es f\u00e1cil de limpiar. \u00a1Puedes quitar el polvo de tu l\u00e1mpara con solo un pa\u00f1o!<\/p>\n","protected":false},"excerpt":{"rendered":"<p>Fuente de luz: G9, 2x m\u00e1ximo 8W LED, 50Hz, ~230V, IP20, clase de protecci\u00f3n I<br \/>\nLa fuente de luz no est\u00e1 incluida.<br \/>\nDimensiones: 25\/8\/29 cm<br \/>\nMaterial: acero<br \/>\nColor: negro<\/p>\n","protected":false},"featured_media":54965,"template":"","meta":{"_acf_changed":false},"product_brand":[],"product_cat":[1914],"product_tag":[],"class_list":{"0":"post-74116","1":"product","2":"type-product","3":"status-publish","4":"has-post-thumbnail","6":"product_cat-lampara-de-pared","8":"first","9":"instock","10":"product-type-simple"},"acf":[],"yoast_head":"<!-- This site is optimized with the Yoast SEO plugin v25.4 - https:\/\/yoast.com\/wordpress\/plugins\/seo\/ -->\n<title>Lampada a parete SENSES nero - Sollux Lighting<\/title>\n<meta name=\"robots\" content=\"index, follow, max-snippet:-1, max-image-preview:large, max-video-preview:-1\" \/>\n<link rel=\"canonical\" href=\"https:\/\/sollux-lighting.com\/es\/nasza-oferta\/lampara-de-pared\/lampada-a-parete-senses-nero\/\" \/>\n<meta property=\"og:locale\" content=\"es_ES\" \/>\n<meta property=\"og:type\" content=\"article\" \/>\n<meta property=\"og:title\" content=\"Lampada a parete SENSES nero - Sollux Lighting\" \/>\n<meta property=\"og:description\" content=\"Fuente de luz: G9, 2x m\u00e1ximo 8W LED, 50Hz, ~230V, IP20, clase de protecci\u00f3n I La fuente de luz no est\u00e1 incluida. Dimensiones: 25\/8\/29 cm Material: acero Color: negro\" \/>\n<meta property=\"og:url\" content=\"https:\/\/sollux-lighting.com\/es\/nasza-oferta\/lampara-de-pared\/lampada-a-parete-senses-nero\/\" \/>\n<meta property=\"og:site_name\" content=\"Sollux Lighting\" \/>\n<meta property=\"article:modified_time\" content=\"2024-03-26T20:36:56+00:00\" \/>\n<meta property=\"og:image\" content=\"https:\/\/sollux-lighting.com\/wp-content\/uploads\/2023\/03\/0935-1-k.jpg\" \/>\n\t<meta property=\"og:image:width\" content=\"750\" \/>\n\t<meta property=\"og:image:height\" content=\"750\" \/>\n\t<meta property=\"og:image:type\" content=\"image\/jpeg\" \/>\n<meta name=\"twitter:card\" content=\"summary_large_image\" \/>\n<meta name=\"twitter:label1\" content=\"Tiempo de lectura\" \/>\n\t<meta name=\"twitter:data1\" content=\"1 minuto\" \/>\n<script type=\"application\/ld+json\" class=\"yoast-schema-graph\">{\"@context\":\"https:\/\/schema.org\",\"@graph\":[{\"@type\":\"WebPage\",\"@id\":\"https:\/\/sollux-lighting.com\/es\/nasza-oferta\/lampara-de-pared\/lampada-a-parete-senses-nero\/\",\"url\":\"https:\/\/sollux-lighting.com\/es\/nasza-oferta\/lampara-de-pared\/lampada-a-parete-senses-nero\/\",\"name\":\"Lampada a parete SENSES nero - Sollux Lighting\",\"isPartOf\":{\"@id\":\"https:\/\/sollux-lighting.com\/es\/#website\"},\"primaryImageOfPage\":{\"@id\":\"https:\/\/sollux-lighting.com\/es\/nasza-oferta\/lampara-de-pared\/lampada-a-parete-senses-nero\/#primaryimage\"},\"image\":{\"@id\":\"https:\/\/sollux-lighting.com\/es\/nasza-oferta\/lampara-de-pared\/lampada-a-parete-senses-nero\/#primaryimage\"},\"thumbnailUrl\":\"https:\/\/sollux-lighting.com\/wp-content\/uploads\/2023\/03\/0935-1-k.jpg\",\"datePublished\":\"2023-03-17T10:41:21+00:00\",\"dateModified\":\"2024-03-26T20:36:56+00:00\",\"breadcrumb\":{\"@id\":\"https:\/\/sollux-lighting.com\/es\/nasza-oferta\/lampara-de-pared\/lampada-a-parete-senses-nero\/#breadcrumb\"},\"inLanguage\":\"es\",\"potentialAction\":[{\"@type\":\"ReadAction\",\"target\":[\"https:\/\/sollux-lighting.com\/es\/nasza-oferta\/lampara-de-pared\/lampada-a-parete-senses-nero\/\"]}]},{\"@type\":\"ImageObject\",\"inLanguage\":\"es\",\"@id\":\"https:\/\/sollux-lighting.com\/es\/nasza-oferta\/lampara-de-pared\/lampada-a-parete-senses-nero\/#primaryimage\",\"url\":\"https:\/\/sollux-lighting.com\/wp-content\/uploads\/2023\/03\/0935-1-k.jpg\",\"contentUrl\":\"https:\/\/sollux-lighting.com\/wp-content\/uploads\/2023\/03\/0935-1-k.jpg\",\"width\":750,\"height\":750},{\"@type\":\"BreadcrumbList\",\"@id\":\"https:\/\/sollux-lighting.com\/es\/nasza-oferta\/lampara-de-pared\/lampada-a-parete-senses-nero\/#breadcrumb\",\"itemListElement\":[{\"@type\":\"ListItem\",\"position\":1,\"name\":\"P\u00e1gina principal\",\"item\":\"https:\/\/sollux-lighting.com\/es\/\"},{\"@type\":\"ListItem\",\"position\":2,\"name\":\"Nuestra oferta\",\"item\":\"https:\/\/sollux-lighting.com\/es\/nuestra-oferta\/\"},{\"@type\":\"ListItem\",\"position\":3,\"name\":\"Lampada a parete SENSES nero\"}]},{\"@type\":\"WebSite\",\"@id\":\"https:\/\/sollux-lighting.com\/es\/#website\",\"url\":\"https:\/\/sollux-lighting.com\/es\/\",\"name\":\"Sollux Lighting\",\"description\":\"Brighten up your business\",\"publisher\":{\"@id\":\"https:\/\/sollux-lighting.com\/es\/#organization\"},\"potentialAction\":[{\"@type\":\"SearchAction\",\"target\":{\"@type\":\"EntryPoint\",\"urlTemplate\":\"https:\/\/sollux-lighting.com\/es\/?s={search_term_string}\"},\"query-input\":{\"@type\":\"PropertyValueSpecification\",\"valueRequired\":true,\"valueName\":\"search_term_string\"}}],\"inLanguage\":\"es\"},{\"@type\":\"Organization\",\"@id\":\"https:\/\/sollux-lighting.com\/es\/#organization\",\"name\":\"Sollux Lighting\",\"url\":\"https:\/\/sollux-lighting.com\/es\/\",\"logo\":{\"@type\":\"ImageObject\",\"inLanguage\":\"es\",\"@id\":\"https:\/\/sollux-lighting.com\/es\/#\/schema\/logo\/image\/\",\"url\":\"https:\/\/sollux-lighting.com\/wp-content\/uploads\/2023\/02\/LOGO.svg\",\"contentUrl\":\"https:\/\/sollux-lighting.com\/wp-content\/uploads\/2023\/02\/LOGO.svg\",\"width\":160,\"height\":46,\"caption\":\"Sollux Lighting \"},\"image\":{\"@id\":\"https:\/\/sollux-lighting.com\/es\/#\/schema\/logo\/image\/\"}}]}<\/script>\n<!-- \/ Yoast SEO plugin. -->","yoast_head_json":{"title":"Lampada a parete SENSES nero - Sollux Lighting","robots":{"index":"index","follow":"follow","max-snippet":"max-snippet:-1","max-image-preview":"max-image-preview:large","max-video-preview":"max-video-preview:-1"},"canonical":"https:\/\/sollux-lighting.com\/es\/nasza-oferta\/lampara-de-pared\/lampada-a-parete-senses-nero\/","og_locale":"es_ES","og_type":"article","og_title":"Lampada a parete SENSES nero - Sollux Lighting","og_description":"Fuente de luz: G9, 2x m\u00e1ximo 8W LED, 50Hz, ~230V, IP20, clase de protecci\u00f3n I La fuente de luz no est\u00e1 incluida. Dimensiones: 25\/8\/29 cm Material: acero Color: negro","og_url":"https:\/\/sollux-lighting.com\/es\/nasza-oferta\/lampara-de-pared\/lampada-a-parete-senses-nero\/","og_site_name":"Sollux Lighting","article_modified_time":"2024-03-26T20:36:56+00:00","og_image":[{"width":750,"height":750,"url":"https:\/\/sollux-lighting.com\/wp-content\/uploads\/2023\/03\/0935-1-k.jpg","type":"image\/jpeg"}],"twitter_card":"summary_large_image","twitter_misc":{"Tiempo de lectura":"1 minuto"},"schema":{"@context":"https:\/\/schema.org","@graph":[{"@type":"WebPage","@id":"https:\/\/sollux-lighting.com\/es\/nasza-oferta\/lampara-de-pared\/lampada-a-parete-senses-nero\/","url":"https:\/\/sollux-lighting.com\/es\/nasza-oferta\/lampara-de-pared\/lampada-a-parete-senses-nero\/","name":"Lampada a parete SENSES nero - Sollux Lighting","isPartOf":{"@id":"https:\/\/sollux-lighting.com\/es\/#website"},"primaryImageOfPage":{"@id":"https:\/\/sollux-lighting.com\/es\/nasza-oferta\/lampara-de-pared\/lampada-a-parete-senses-nero\/#primaryimage"},"image":{"@id":"https:\/\/sollux-lighting.com\/es\/nasza-oferta\/lampara-de-pared\/lampada-a-parete-senses-nero\/#primaryimage"},"thumbnailUrl":"https:\/\/sollux-lighting.com\/wp-content\/uploads\/2023\/03\/0935-1-k.jpg","datePublished":"2023-03-17T10:41:21+00:00","dateModified":"2024-03-26T20:36:56+00:00","breadcrumb":{"@id":"https:\/\/sollux-lighting.com\/es\/nasza-oferta\/lampara-de-pared\/lampada-a-parete-senses-nero\/#breadcrumb"},"inLanguage":"es","potentialAction":[{"@type":"ReadAction","target":["https:\/\/sollux-lighting.com\/es\/nasza-oferta\/lampara-de-pared\/lampada-a-parete-senses-nero\/"]}]},{"@type":"ImageObject","inLanguage":"es","@id":"https:\/\/sollux-lighting.com\/es\/nasza-oferta\/lampara-de-pared\/lampada-a-parete-senses-nero\/#primaryimage","url":"https:\/\/sollux-lighting.com\/wp-content\/uploads\/2023\/03\/0935-1-k.jpg","contentUrl":"https:\/\/sollux-lighting.com\/wp-content\/uploads\/2023\/03\/0935-1-k.jpg","width":750,"height":750},{"@type":"BreadcrumbList","@id":"https:\/\/sollux-lighting.com\/es\/nasza-oferta\/lampara-de-pared\/lampada-a-parete-senses-nero\/#breadcrumb","itemListElement":[{"@type":"ListItem","position":1,"name":"P\u00e1gina principal","item":"https:\/\/sollux-lighting.com\/es\/"},{"@type":"ListItem","position":2,"name":"Nuestra oferta","item":"https:\/\/sollux-lighting.com\/es\/nuestra-oferta\/"},{"@type":"ListItem","position":3,"name":"Lampada a parete SENSES nero"}]},{"@type":"WebSite","@id":"https:\/\/sollux-lighting.com\/es\/#website","url":"https:\/\/sollux-lighting.com\/es\/","name":"Sollux Lighting","description":"Brighten up your business","publisher":{"@id":"https:\/\/sollux-lighting.com\/es\/#organization"},"potentialAction":[{"@type":"SearchAction","target":{"@type":"EntryPoint","urlTemplate":"https:\/\/sollux-lighting.com\/es\/?s={search_term_string}"},"query-input":{"@type":"PropertyValueSpecification","valueRequired":true,"valueName":"search_term_string"}}],"inLanguage":"es"},{"@type":"Organization","@id":"https:\/\/sollux-lighting.com\/es\/#organization","name":"Sollux Lighting","url":"https:\/\/sollux-lighting.com\/es\/","logo":{"@type":"ImageObject","inLanguage":"es","@id":"https:\/\/sollux-lighting.com\/es\/#\/schema\/logo\/image\/","url":"https:\/\/sollux-lighting.com\/wp-content\/uploads\/2023\/02\/LOGO.svg","contentUrl":"https:\/\/sollux-lighting.com\/wp-content\/uploads\/2023\/02\/LOGO.svg","width":160,"height":46,"caption":"Sollux Lighting "},"image":{"@id":"https:\/\/sollux-lighting.com\/es\/#\/schema\/logo\/image\/"}}]}},"_links":{"self":[{"href":"https:\/\/sollux-lighting.com\/es\/wp-json\/wp\/v2\/product\/74116","targetHints":{"allow":["GET"]}}],"collection":[{"href":"https:\/\/sollux-lighting.com\/es\/wp-json\/wp\/v2\/product"}],"about":[{"href":"https:\/\/sollux-lighting.com\/es\/wp-json\/wp\/v2\/types\/product"}],"wp:featuredmedia":[{"embeddable":true,"href":"https:\/\/sollux-lighting.com\/es\/wp-json\/wp\/v2\/media\/54965"}],"wp:attachment":[{"href":"https:\/\/sollux-lighting.com\/es\/wp-json\/wp\/v2\/media?parent=74116"}],"wp:term":[{"taxonomy":"product_brand","embeddable":true,"href":"https:\/\/sollux-lighting.com\/es\/wp-json\/wp\/v2\/product_brand?post=74116"},{"taxonomy":"product_cat","embeddable":true,"href":"https:\/\/sollux-lighting.com\/es\/wp-json\/wp\/v2\/product_cat?post=74116"},{"taxonomy":"product_tag","embeddable":true,"href":"https:\/\/sollux-lighting.com\/es\/wp-json\/wp\/v2\/product_tag?post=74116"}],"curies":[{"name":"wp","href":"https:\/\/api.w.org\/{rel}","templated":true}]}}

https://test.sollux-lighting.com/nasza-oferta/sin%20categoría/lampada-a-parete-senses-nero/

<p>¿Estás buscando una lámpara de diseñador pero minimalista para tu interior? ¡Acabas de encontrarla! Una forma redonda e irregular, una paleta de colores clásica y la simplicidad de la forma definen perfectamente SENSES, una lámpara que puede complementar la decoración de varias habitaciones. Será un elemento decorativo interesante en un interior minimalista o de estilo escandinavo, pero también encontrará su lugar en una pared colorida. ¡Con SENSES, tienes espacio para experimentar! Nos gusta combinar la belleza con la funcionalidad, por lo que la superficie lisa de SENSES no solo se ve genial, sino que también es fácil de limpiar. ¡Puedes quitar el polvo de tu lámpara con solo un paño!</p>

<p>Fuente de luz: G9, 2x máximo 8W LED, 50Hz, ~230V, IP20, clase de protección I<br />
La fuente de luz no está incluida.<br />
Dimensiones: 25/8/29 cm<br />
Material: acero<br />
Color: negro</p>

<!-- This site is optimized with the Yoast SEO plugin v25.4 - https://yoast.com/wordpress/plugins/seo/ -->
<title>Lampada a parete SENSES nero - Sollux Lighting</title>
<meta name="robots" content="index, follow, max-snippet:-1, max-image-preview:large, max-video-preview:-1" />
<link rel="canonical" href="https://sollux-lighting.com/es/nasza-oferta/lampara-de-pared/lampada-a-parete-senses-nero/" />
<meta property="og:locale" content="es_ES" />
<meta property="og:type" content="article" />
<meta property="og:title" content="Lampada a parete SENSES nero - Sollux Lighting" />
<meta property="og:description" content="Fuente de luz: G9, 2x máximo 8W LED, 50Hz, ~230V, IP20, clase de protección I La fuente de luz no está incluida. Dimensiones: 25/8/29 cm Material: acero Color: negro" />
<meta property="og:url" content="https://sollux-lighting.com/es/nasza-oferta/lampara-de-pared/lampada-a-parete-senses-nero/" />
<meta property="og:site_name" content="Sollux Lighting" />
<meta property="article:modified_time" content="2024-03-26T20:36:56+00:00" />
<meta property="og:image" content="https://sollux-lighting.com/wp-content/uploads/2023/03/0935-1-k.jpg" />
	<meta property="og:image:width" content="750" />
	<meta property="og:image:height" content="750" />
	<meta property="og:image:type" content="image/jpeg" />
<meta name="twitter:card" content="summary_large_image" />
<meta name="twitter:label1" content="Tiempo de lectura" />
	<meta name="twitter:data1" content="1 minuto" />
<script type="application/ld+json" class="yoast-schema-graph">{"@context":"https://schema.org","@graph":[{"@type":"WebPage","@id":"https://sollux-lighting.com/es/nasza-oferta/lampara-de-pared/lampada-a-parete-senses-nero/","url":"https://sollux-lighting.com/es/nasza-oferta/lampara-de-pared/lampada-a-parete-senses-nero/","name":"Lampada a parete SENSES nero - Sollux Lighting","isPartOf":{"@id":"https://sollux-lighting.com/es/#website"},"primaryImageOfPage":{"@id":"https://sollux-lighting.com/es/nasza-oferta/lampara-de-pared/lampada-a-parete-senses-nero/#primaryimage"},"image":{"@id":"https://sollux-lighting.com/es/nasza-oferta/lampara-de-pared/lampada-a-parete-senses-nero/#primaryimage"},"thumbnailUrl":"https://sollux-lighting.com/wp-content/uploads/2023/03/0935-1-k.jpg","datePublished":"2023-03-17T10:41:21+00:00","dateModified":"2024-03-26T20:36:56+00:00","breadcrumb":{"@id":"https://sollux-lighting.com/es/nasza-oferta/lampara-de-pared/lampada-a-parete-senses-nero/#breadcrumb"},"inLanguage":"es","potentialAction":[{"@type":"ReadAction","target":["https://sollux-lighting.com/es/nasza-oferta/lampara-de-pared/lampada-a-parete-senses-nero/"]}]},{"@type":"ImageObject","inLanguage":"es","@id":"https://sollux-lighting.com/es/nasza-oferta/lampara-de-pared/lampada-a-parete-senses-nero/#primaryimage","url":"https://sollux-lighting.com/wp-content/uploads/2023/03/0935-1-k.jpg","contentUrl":"https://sollux-lighting.com/wp-content/uploads/2023/03/0935-1-k.jpg","width":750,"height":750},{"@type":"BreadcrumbList","@id":"https://sollux-lighting.com/es/nasza-oferta/lampara-de-pared/lampada-a-parete-senses-nero/#breadcrumb","itemListElement":[{"@type":"ListItem","position":1,"name":"Página principal","item":"https://sollux-lighting.com/es/"},{"@type":"ListItem","position":2,"name":"Nuestra oferta","item":"https://sollux-lighting.com/es/nuestra-oferta/"},{"@type":"ListItem","position":3,"name":"Lampada a parete SENSES nero"}]},{"@type":"WebSite","@id":"https://sollux-lighting.com/es/#website","url":"https://sollux-lighting.com/es/","name":"Sollux Lighting","description":"Brighten up your business","publisher":{"@id":"https://sollux-lighting.com/es/#organization"},"potentialAction":[{"@type":"SearchAction","target":{"@type":"EntryPoint","urlTemplate":"https://sollux-lighting.com/es/?s={search_term_string}"},"query-input":{"@type":"PropertyValueSpecification","valueRequired":true,"valueName":"search_term_string"}}],"inLanguage":"es"},{"@type":"Organization","@id":"https://sollux-lighting.com/es/#organization","name":"Sollux Lighting","url":"https://sollux-lighting.com/es/","logo":{"@type":"ImageObject","inLanguage":"es","@id":"https://sollux-lighting.com/es/#/schema/logo/image/","url":"https://sollux-lighting.com/wp-content/uploads/2023/02/LOGO.svg","contentUrl":"https://sollux-lighting.com/wp-content/uploads/2023/02/LOGO.svg","width":160,"height":46,"caption":"Sollux Lighting "},"image":{"@id":"https://sollux-lighting.com/es/#/schema/logo/image/"}}]}</script>
<!-- / Yoast SEO plugin. -->

Fuente de luz: G9, 2x máximo 8W LED, 50Hz, ~230V, IP20, clase de protección I La fuente de luz no está incluida. Dimensiones: 25/8/29 cm Material: acero Color: negro

Página principal
