{"id":73878,"date":"2023-03-17T11:27:21","date_gmt":"2023-03-17T10:27:21","guid":{"rendered":"https:\/\/test.sollux-lighting.com\/nasza-oferta\/sin%20categor\u00eda\/lampada-da-soffitto-valde-in-cemento\/"},"modified":"2024-03-26T21:17:12","modified_gmt":"2024-03-26T20:17:12","slug":"lampada-da-soffitto-valde-in-cemento","status":"publish","type":"product","link":"https:\/\/sollux-lighting.com\/es\/nasza-oferta\/lampara-de-techo\/lampada-da-soffitto-valde-in-cemento\/","title":{"rendered":"Lampada da soffitto VALDE in cemento"},"content":{"rendered":"<p>La nueva serie VALDE est\u00e1 hecha de la masa de concreto de la m\u00e1s alta calidad. Se caracteriza por una construcci\u00f3n muy duradera. Las personas que deseen utilizar l\u00e1mparas con materiales personalizados en sus hogares deber\u00edan optar por el concreto, ya que garantiza un dise\u00f1o interior inusual.<\/p>\n","protected":false},"excerpt":{"rendered":"<p>Fuente de luz: GU10, 1x m\u00e1ximo 10W LED, 50Hz, ~230V, IP20, clase de protecci\u00f3n I<br \/>\nLa fuente de luz no est\u00e1 incluida.<br \/>\nDimensiones: 14\/14\/14 cm<br \/>\nMaterial: hormig\u00f3n<br \/>\nColor: gris<\/p>\n","protected":false},"featured_media":49139,"template":"","meta":{"_acf_changed":false},"product_brand":[],"product_cat":[1918],"product_tag":[],"class_list":{"0":"post-73878","1":"product","2":"type-product","3":"status-publish","4":"has-post-thumbnail","6":"product_cat-lampara-de-techo","8":"first","9":"instock","10":"product-type-simple"},"acf":[],"yoast_head":"<!-- This site is optimized with the Yoast SEO plugin v25.4 - https:\/\/yoast.com\/wordpress\/plugins\/seo\/ -->\n<title>Lampada da soffitto VALDE in cemento - Sollux Lighting<\/title>\n<meta name=\"robots\" content=\"index, follow, max-snippet:-1, max-image-preview:large, max-video-preview:-1\" \/>\n<link rel=\"canonical\" href=\"https:\/\/sollux-lighting.com\/es\/nasza-oferta\/lampara-de-techo\/lampada-da-soffitto-valde-in-cemento\/\" \/>\n<meta property=\"og:locale\" content=\"es_ES\" \/>\n<meta property=\"og:type\" content=\"article\" \/>\n<meta property=\"og:title\" content=\"Lampada da soffitto VALDE in cemento - Sollux Lighting\" \/>\n<meta property=\"og:description\" content=\"Fuente de luz: GU10, 1x m\u00e1ximo 10W LED, 50Hz, ~230V, IP20, clase de protecci\u00f3n I La fuente de luz no est\u00e1 incluida. Dimensiones: 14\/14\/14 cm Material: hormig\u00f3n Color: gris\" \/>\n<meta property=\"og:url\" content=\"https:\/\/sollux-lighting.com\/es\/nasza-oferta\/lampara-de-techo\/lampada-da-soffitto-valde-in-cemento\/\" \/>\n<meta property=\"og:site_name\" content=\"Sollux Lighting\" \/>\n<meta property=\"article:modified_time\" content=\"2024-03-26T20:17:12+00:00\" \/>\n<meta property=\"og:image\" content=\"https:\/\/sollux-lighting.com\/wp-content\/uploads\/2023\/03\/0646-1-k.jpg\" \/>\n\t<meta property=\"og:image:width\" content=\"750\" \/>\n\t<meta property=\"og:image:height\" content=\"750\" \/>\n\t<meta property=\"og:image:type\" content=\"image\/jpeg\" \/>\n<meta name=\"twitter:card\" content=\"summary_large_image\" \/>\n<script type=\"application\/ld+json\" class=\"yoast-schema-graph\">{\"@context\":\"https:\/\/schema.org\",\"@graph\":[{\"@type\":\"WebPage\",\"@id\":\"https:\/\/sollux-lighting.com\/es\/nasza-oferta\/lampara-de-techo\/lampada-da-soffitto-valde-in-cemento\/\",\"url\":\"https:\/\/sollux-lighting.com\/es\/nasza-oferta\/lampara-de-techo\/lampada-da-soffitto-valde-in-cemento\/\",\"name\":\"Lampada da soffitto VALDE in cemento - Sollux Lighting\",\"isPartOf\":{\"@id\":\"https:\/\/sollux-lighting.com\/es\/#website\"},\"primaryImageOfPage\":{\"@id\":\"https:\/\/sollux-lighting.com\/es\/nasza-oferta\/lampara-de-techo\/lampada-da-soffitto-valde-in-cemento\/#primaryimage\"},\"image\":{\"@id\":\"https:\/\/sollux-lighting.com\/es\/nasza-oferta\/lampara-de-techo\/lampada-da-soffitto-valde-in-cemento\/#primaryimage\"},\"thumbnailUrl\":\"https:\/\/sollux-lighting.com\/wp-content\/uploads\/2023\/03\/0646-1-k.jpg\",\"datePublished\":\"2023-03-17T10:27:21+00:00\",\"dateModified\":\"2024-03-26T20:17:12+00:00\",\"breadcrumb\":{\"@id\":\"https:\/\/sollux-lighting.com\/es\/nasza-oferta\/lampara-de-techo\/lampada-da-soffitto-valde-in-cemento\/#breadcrumb\"},\"inLanguage\":\"es\",\"potentialAction\":[{\"@type\":\"ReadAction\",\"target\":[\"https:\/\/sollux-lighting.com\/es\/nasza-oferta\/lampara-de-techo\/lampada-da-soffitto-valde-in-cemento\/\"]}]},{\"@type\":\"ImageObject\",\"inLanguage\":\"es\",\"@id\":\"https:\/\/sollux-lighting.com\/es\/nasza-oferta\/lampara-de-techo\/lampada-da-soffitto-valde-in-cemento\/#primaryimage\",\"url\":\"https:\/\/sollux-lighting.com\/wp-content\/uploads\/2023\/03\/0646-1-k.jpg\",\"contentUrl\":\"https:\/\/sollux-lighting.com\/wp-content\/uploads\/2023\/03\/0646-1-k.jpg\",\"width\":750,\"height\":750},{\"@type\":\"BreadcrumbList\",\"@id\":\"https:\/\/sollux-lighting.com\/es\/nasza-oferta\/lampara-de-techo\/lampada-da-soffitto-valde-in-cemento\/#breadcrumb\",\"itemListElement\":[{\"@type\":\"ListItem\",\"position\":1,\"name\":\"P\u00e1gina principal\",\"item\":\"https:\/\/sollux-lighting.com\/es\/\"},{\"@type\":\"ListItem\",\"position\":2,\"name\":\"Nuestra oferta\",\"item\":\"https:\/\/sollux-lighting.com\/es\/nuestra-oferta\/\"},{\"@type\":\"ListItem\",\"position\":3,\"name\":\"Lampada da soffitto VALDE in cemento\"}]},{\"@type\":\"WebSite\",\"@id\":\"https:\/\/sollux-lighting.com\/es\/#website\",\"url\":\"https:\/\/sollux-lighting.com\/es\/\",\"name\":\"Sollux Lighting\",\"description\":\"Brighten up your business\",\"publisher\":{\"@id\":\"https:\/\/sollux-lighting.com\/es\/#organization\"},\"potentialAction\":[{\"@type\":\"SearchAction\",\"target\":{\"@type\":\"EntryPoint\",\"urlTemplate\":\"https:\/\/sollux-lighting.com\/es\/?s={search_term_string}\"},\"query-input\":{\"@type\":\"PropertyValueSpecification\",\"valueRequired\":true,\"valueName\":\"search_term_string\"}}],\"inLanguage\":\"es\"},{\"@type\":\"Organization\",\"@id\":\"https:\/\/sollux-lighting.com\/es\/#organization\",\"name\":\"Sollux Lighting\",\"url\":\"https:\/\/sollux-lighting.com\/es\/\",\"logo\":{\"@type\":\"ImageObject\",\"inLanguage\":\"es\",\"@id\":\"https:\/\/sollux-lighting.com\/es\/#\/schema\/logo\/image\/\",\"url\":\"https:\/\/sollux-lighting.com\/wp-content\/uploads\/2023\/02\/LOGO.svg\",\"contentUrl\":\"https:\/\/sollux-lighting.com\/wp-content\/uploads\/2023\/02\/LOGO.svg\",\"width\":160,\"height\":46,\"caption\":\"Sollux Lighting \"},\"image\":{\"@id\":\"https:\/\/sollux-lighting.com\/es\/#\/schema\/logo\/image\/\"}}]}<\/script>\n<!-- \/ Yoast SEO plugin. -->","yoast_head_json":{"title":"Lampada da soffitto VALDE in cemento - Sollux Lighting","robots":{"index":"index","follow":"follow","max-snippet":"max-snippet:-1","max-image-preview":"max-image-preview:large","max-video-preview":"max-video-preview:-1"},"canonical":"https:\/\/sollux-lighting.com\/es\/nasza-oferta\/lampara-de-techo\/lampada-da-soffitto-valde-in-cemento\/","og_locale":"es_ES","og_type":"article","og_title":"Lampada da soffitto VALDE in cemento - Sollux Lighting","og_description":"Fuente de luz: GU10, 1x m\u00e1ximo 10W LED, 50Hz, ~230V, IP20, clase de protecci\u00f3n I La fuente de luz no est\u00e1 incluida. Dimensiones: 14\/14\/14 cm Material: hormig\u00f3n Color: gris","og_url":"https:\/\/sollux-lighting.com\/es\/nasza-oferta\/lampara-de-techo\/lampada-da-soffitto-valde-in-cemento\/","og_site_name":"Sollux Lighting","article_modified_time":"2024-03-26T20:17:12+00:00","og_image":[{"width":750,"height":750,"url":"https:\/\/sollux-lighting.com\/wp-content\/uploads\/2023\/03\/0646-1-k.jpg","type":"image\/jpeg"}],"twitter_card":"summary_large_image","schema":{"@context":"https:\/\/schema.org","@graph":[{"@type":"WebPage","@id":"https:\/\/sollux-lighting.com\/es\/nasza-oferta\/lampara-de-techo\/lampada-da-soffitto-valde-in-cemento\/","url":"https:\/\/sollux-lighting.com\/es\/nasza-oferta\/lampara-de-techo\/lampada-da-soffitto-valde-in-cemento\/","name":"Lampada da soffitto VALDE in cemento - Sollux Lighting","isPartOf":{"@id":"https:\/\/sollux-lighting.com\/es\/#website"},"primaryImageOfPage":{"@id":"https:\/\/sollux-lighting.com\/es\/nasza-oferta\/lampara-de-techo\/lampada-da-soffitto-valde-in-cemento\/#primaryimage"},"image":{"@id":"https:\/\/sollux-lighting.com\/es\/nasza-oferta\/lampara-de-techo\/lampada-da-soffitto-valde-in-cemento\/#primaryimage"},"thumbnailUrl":"https:\/\/sollux-lighting.com\/wp-content\/uploads\/2023\/03\/0646-1-k.jpg","datePublished":"2023-03-17T10:27:21+00:00","dateModified":"2024-03-26T20:17:12+00:00","breadcrumb":{"@id":"https:\/\/sollux-lighting.com\/es\/nasza-oferta\/lampara-de-techo\/lampada-da-soffitto-valde-in-cemento\/#breadcrumb"},"inLanguage":"es","potentialAction":[{"@type":"ReadAction","target":["https:\/\/sollux-lighting.com\/es\/nasza-oferta\/lampara-de-techo\/lampada-da-soffitto-valde-in-cemento\/"]}]},{"@type":"ImageObject","inLanguage":"es","@id":"https:\/\/sollux-lighting.com\/es\/nasza-oferta\/lampara-de-techo\/lampada-da-soffitto-valde-in-cemento\/#primaryimage","url":"https:\/\/sollux-lighting.com\/wp-content\/uploads\/2023\/03\/0646-1-k.jpg","contentUrl":"https:\/\/sollux-lighting.com\/wp-content\/uploads\/2023\/03\/0646-1-k.jpg","width":750,"height":750},{"@type":"BreadcrumbList","@id":"https:\/\/sollux-lighting.com\/es\/nasza-oferta\/lampara-de-techo\/lampada-da-soffitto-valde-in-cemento\/#breadcrumb","itemListElement":[{"@type":"ListItem","position":1,"name":"P\u00e1gina principal","item":"https:\/\/sollux-lighting.com\/es\/"},{"@type":"ListItem","position":2,"name":"Nuestra oferta","item":"https:\/\/sollux-lighting.com\/es\/nuestra-oferta\/"},{"@type":"ListItem","position":3,"name":"Lampada da soffitto VALDE in cemento"}]},{"@type":"WebSite","@id":"https:\/\/sollux-lighting.com\/es\/#website","url":"https:\/\/sollux-lighting.com\/es\/","name":"Sollux Lighting","description":"Brighten up your business","publisher":{"@id":"https:\/\/sollux-lighting.com\/es\/#organization"},"potentialAction":[{"@type":"SearchAction","target":{"@type":"EntryPoint","urlTemplate":"https:\/\/sollux-lighting.com\/es\/?s={search_term_string}"},"query-input":{"@type":"PropertyValueSpecification","valueRequired":true,"valueName":"search_term_string"}}],"inLanguage":"es"},{"@type":"Organization","@id":"https:\/\/sollux-lighting.com\/es\/#organization","name":"Sollux Lighting","url":"https:\/\/sollux-lighting.com\/es\/","logo":{"@type":"ImageObject","inLanguage":"es","@id":"https:\/\/sollux-lighting.com\/es\/#\/schema\/logo\/image\/","url":"https:\/\/sollux-lighting.com\/wp-content\/uploads\/2023\/02\/LOGO.svg","contentUrl":"https:\/\/sollux-lighting.com\/wp-content\/uploads\/2023\/02\/LOGO.svg","width":160,"height":46,"caption":"Sollux Lighting "},"image":{"@id":"https:\/\/sollux-lighting.com\/es\/#\/schema\/logo\/image\/"}}]}},"_links":{"self":[{"href":"https:\/\/sollux-lighting.com\/es\/wp-json\/wp\/v2\/product\/73878","targetHints":{"allow":["GET"]}}],"collection":[{"href":"https:\/\/sollux-lighting.com\/es\/wp-json\/wp\/v2\/product"}],"about":[{"href":"https:\/\/sollux-lighting.com\/es\/wp-json\/wp\/v2\/types\/product"}],"wp:featuredmedia":[{"embeddable":true,"href":"https:\/\/sollux-lighting.com\/es\/wp-json\/wp\/v2\/media\/49139"}],"wp:attachment":[{"href":"https:\/\/sollux-lighting.com\/es\/wp-json\/wp\/v2\/media?parent=73878"}],"wp:term":[{"taxonomy":"product_brand","embeddable":true,"href":"https:\/\/sollux-lighting.com\/es\/wp-json\/wp\/v2\/product_brand?post=73878"},{"taxonomy":"product_cat","embeddable":true,"href":"https:\/\/sollux-lighting.com\/es\/wp-json\/wp\/v2\/product_cat?post=73878"},{"taxonomy":"product_tag","embeddable":true,"href":"https:\/\/sollux-lighting.com\/es\/wp-json\/wp\/v2\/product_tag?post=73878"}],"curies":[{"name":"wp","href":"https:\/\/api.w.org\/{rel}","templated":true}]}}

https://test.sollux-lighting.com/nasza-oferta/sin%20categoría/lampada-da-soffitto-valde-in-cemento/

<p>La nueva serie VALDE está hecha de la masa de concreto de la más alta calidad. Se caracteriza por una construcción muy duradera. Las personas que deseen utilizar lámparas con materiales personalizados en sus hogares deberían optar por el concreto, ya que garantiza un diseño interior inusual.</p>

<p>Fuente de luz: GU10, 1x máximo 10W LED, 50Hz, ~230V, IP20, clase de protección I<br />
La fuente de luz no está incluida.<br />
Dimensiones: 14/14/14 cm<br />
Material: hormigón<br />
Color: gris</p>

<!-- This site is optimized with the Yoast SEO plugin v25.4 - https://yoast.com/wordpress/plugins/seo/ -->
<title>Lampada da soffitto VALDE in cemento - Sollux Lighting</title>
<meta name="robots" content="index, follow, max-snippet:-1, max-image-preview:large, max-video-preview:-1" />
<link rel="canonical" href="https://sollux-lighting.com/es/nasza-oferta/lampara-de-techo/lampada-da-soffitto-valde-in-cemento/" />
<meta property="og:locale" content="es_ES" />
<meta property="og:type" content="article" />
<meta property="og:title" content="Lampada da soffitto VALDE in cemento - Sollux Lighting" />
<meta property="og:description" content="Fuente de luz: GU10, 1x máximo 10W LED, 50Hz, ~230V, IP20, clase de protección I La fuente de luz no está incluida. Dimensiones: 14/14/14 cm Material: hormigón Color: gris" />
<meta property="og:url" content="https://sollux-lighting.com/es/nasza-oferta/lampara-de-techo/lampada-da-soffitto-valde-in-cemento/" />
<meta property="og:site_name" content="Sollux Lighting" />
<meta property="article:modified_time" content="2024-03-26T20:17:12+00:00" />
<meta property="og:image" content="https://sollux-lighting.com/wp-content/uploads/2023/03/0646-1-k.jpg" />
	<meta property="og:image:width" content="750" />
	<meta property="og:image:height" content="750" />
	<meta property="og:image:type" content="image/jpeg" />
<meta name="twitter:card" content="summary_large_image" />
<script type="application/ld+json" class="yoast-schema-graph">{"@context":"https://schema.org","@graph":[{"@type":"WebPage","@id":"https://sollux-lighting.com/es/nasza-oferta/lampara-de-techo/lampada-da-soffitto-valde-in-cemento/","url":"https://sollux-lighting.com/es/nasza-oferta/lampara-de-techo/lampada-da-soffitto-valde-in-cemento/","name":"Lampada da soffitto VALDE in cemento - Sollux Lighting","isPartOf":{"@id":"https://sollux-lighting.com/es/#website"},"primaryImageOfPage":{"@id":"https://sollux-lighting.com/es/nasza-oferta/lampara-de-techo/lampada-da-soffitto-valde-in-cemento/#primaryimage"},"image":{"@id":"https://sollux-lighting.com/es/nasza-oferta/lampara-de-techo/lampada-da-soffitto-valde-in-cemento/#primaryimage"},"thumbnailUrl":"https://sollux-lighting.com/wp-content/uploads/2023/03/0646-1-k.jpg","datePublished":"2023-03-17T10:27:21+00:00","dateModified":"2024-03-26T20:17:12+00:00","breadcrumb":{"@id":"https://sollux-lighting.com/es/nasza-oferta/lampara-de-techo/lampada-da-soffitto-valde-in-cemento/#breadcrumb"},"inLanguage":"es","potentialAction":[{"@type":"ReadAction","target":["https://sollux-lighting.com/es/nasza-oferta/lampara-de-techo/lampada-da-soffitto-valde-in-cemento/"]}]},{"@type":"ImageObject","inLanguage":"es","@id":"https://sollux-lighting.com/es/nasza-oferta/lampara-de-techo/lampada-da-soffitto-valde-in-cemento/#primaryimage","url":"https://sollux-lighting.com/wp-content/uploads/2023/03/0646-1-k.jpg","contentUrl":"https://sollux-lighting.com/wp-content/uploads/2023/03/0646-1-k.jpg","width":750,"height":750},{"@type":"BreadcrumbList","@id":"https://sollux-lighting.com/es/nasza-oferta/lampara-de-techo/lampada-da-soffitto-valde-in-cemento/#breadcrumb","itemListElement":[{"@type":"ListItem","position":1,"name":"Página principal","item":"https://sollux-lighting.com/es/"},{"@type":"ListItem","position":2,"name":"Nuestra oferta","item":"https://sollux-lighting.com/es/nuestra-oferta/"},{"@type":"ListItem","position":3,"name":"Lampada da soffitto VALDE in cemento"}]},{"@type":"WebSite","@id":"https://sollux-lighting.com/es/#website","url":"https://sollux-lighting.com/es/","name":"Sollux Lighting","description":"Brighten up your business","publisher":{"@id":"https://sollux-lighting.com/es/#organization"},"potentialAction":[{"@type":"SearchAction","target":{"@type":"EntryPoint","urlTemplate":"https://sollux-lighting.com/es/?s={search_term_string}"},"query-input":{"@type":"PropertyValueSpecification","valueRequired":true,"valueName":"search_term_string"}}],"inLanguage":"es"},{"@type":"Organization","@id":"https://sollux-lighting.com/es/#organization","name":"Sollux Lighting","url":"https://sollux-lighting.com/es/","logo":{"@type":"ImageObject","inLanguage":"es","@id":"https://sollux-lighting.com/es/#/schema/logo/image/","url":"https://sollux-lighting.com/wp-content/uploads/2023/02/LOGO.svg","contentUrl":"https://sollux-lighting.com/wp-content/uploads/2023/02/LOGO.svg","width":160,"height":46,"caption":"Sollux Lighting "},"image":{"@id":"https://sollux-lighting.com/es/#/schema/logo/image/"}}]}</script>
<!-- / Yoast SEO plugin. -->

Fuente de luz: GU10, 1x máximo 10W LED, 50Hz, ~230V, IP20, clase de protección I La fuente de luz no está incluida. Dimensiones: 14/14/14 cm Material: hormigón Color: gris

Página principal
