{"id":71147,"date":"2024-03-16T13:18:55","date_gmt":"2024-03-16T12:18:55","guid":{"rendered":"https:\/\/test.sollux-lighting.com\/nasza-oferta\/unkategorisiert\/wandleuchten-suba-schwarz-2\/"},"modified":"2024-03-16T13:18:56","modified_gmt":"2024-03-16T12:18:56","slug":"wandleuchten-suba-schwarz-2","status":"publish","type":"product","link":"https:\/\/sollux-lighting.com\/de\/nasza-oferta\/wandleuchte\/wandleuchten-suba-schwarz-2\/","title":{"rendered":"Wandleuchten SUBA schwarz"},"content":{"rendered":"<p>Die SUBA-Serie kombiniert moderne Eleganz mit industrieller Rohheit. Die schwarzen Lampen aus strapazierf\u00e4higem Stahl dieser Serie passen perfekt in loftige und minimalistische R\u00e4ume. Sie werden Sie mit ihrer Vielseitigkeit und Originalit\u00e4t begeistern. Hier finden Sie verschiedene Modelle, die jedem Bed\u00fcrfnis und jeder \u00c4sthetik gerecht werden. Die au\u00dfergew\u00f6hnliche Gestaltung der eleganten H\u00e4ngelampe hat ein enormes dekoratives Potenzial, das Sie maximieren k\u00f6nnen, indem Sie die Version mit 3 oder 4 Lichtpunkten w\u00e4hlen. Suchen Sie nach unauff\u00e4lliger, zus\u00e4tzlicher Beleuchtung? Entscheiden Sie sich f\u00fcr eine Wandleuchte! SUBA ist mehr als nur Beleuchtung: Dieses dekorative Element wird Ihr Interieur hervorheben und ihm einen rauen, aber eleganten Charakter verleihen. Die Einladung dieser Kollektion in Ihr Zuhause ist eine Stilwahl, die nicht unbemerkt bleibt.<\/p>\n","protected":false},"excerpt":{"rendered":"<p>Lichtquelle: E27, 1x max 15W LED, 50Hz, ~230V, IP20, Schutzklasse II<br \/>\nDie Lichtquelle ist im Lieferumfang enthalten.<br \/>\nAbmessungen: 15\/23\/23 cm<br \/>\nMaterial: Stahl<br \/>\nFarbe: schwarz<\/p>\n","protected":false},"featured_media":0,"template":"","meta":{"_acf_changed":false},"product_brand":[],"product_cat":[1892],"product_tag":[],"class_list":{"0":"post-71147","1":"product","2":"type-product","3":"status-publish","5":"product_cat-wandleuchte","7":"first","8":"instock","9":"product-type-simple"},"acf":[],"yoast_head":"<!-- This site is optimized with the Yoast SEO plugin v25.4 - https:\/\/yoast.com\/wordpress\/plugins\/seo\/ -->\n<title>Wandleuchten SUBA schwarz - Sollux Lighting<\/title>\n<meta name=\"robots\" content=\"index, follow, max-snippet:-1, max-image-preview:large, max-video-preview:-1\" \/>\n<link rel=\"canonical\" href=\"https:\/\/sollux-lighting.com\/de\/nasza-oferta\/wandleuchte\/wandleuchten-suba-schwarz-2\/\" \/>\n<meta property=\"og:locale\" content=\"de_DE\" \/>\n<meta property=\"og:type\" content=\"article\" \/>\n<meta property=\"og:title\" content=\"Wandleuchten SUBA schwarz - Sollux Lighting\" \/>\n<meta property=\"og:description\" content=\"Lichtquelle: E27, 1x max 15W LED, 50Hz, ~230V, IP20, Schutzklasse II Die Lichtquelle ist im Lieferumfang enthalten. Abmessungen: 15\/23\/23 cm Material: Stahl Farbe: schwarz\" \/>\n<meta property=\"og:url\" content=\"https:\/\/sollux-lighting.com\/de\/nasza-oferta\/wandleuchte\/wandleuchten-suba-schwarz-2\/\" \/>\n<meta property=\"og:site_name\" content=\"Sollux Lighting\" \/>\n<meta property=\"article:modified_time\" content=\"2024-03-16T12:18:56+00:00\" \/>\n<meta name=\"twitter:card\" content=\"summary_large_image\" \/>\n<meta name=\"twitter:label1\" content=\"Gesch\u00e4tzte Lesezeit\" \/>\n\t<meta name=\"twitter:data1\" content=\"1\u00a0Minute\" \/>\n<script type=\"application\/ld+json\" class=\"yoast-schema-graph\">{\"@context\":\"https:\/\/schema.org\",\"@graph\":[{\"@type\":\"WebPage\",\"@id\":\"https:\/\/sollux-lighting.com\/de\/nasza-oferta\/wandleuchte\/wandleuchten-suba-schwarz-2\/\",\"url\":\"https:\/\/sollux-lighting.com\/de\/nasza-oferta\/wandleuchte\/wandleuchten-suba-schwarz-2\/\",\"name\":\"Wandleuchten SUBA schwarz - Sollux Lighting\",\"isPartOf\":{\"@id\":\"https:\/\/sollux-lighting.com\/de\/#website\"},\"datePublished\":\"2024-03-16T12:18:55+00:00\",\"dateModified\":\"2024-03-16T12:18:56+00:00\",\"breadcrumb\":{\"@id\":\"https:\/\/sollux-lighting.com\/de\/nasza-oferta\/wandleuchte\/wandleuchten-suba-schwarz-2\/#breadcrumb\"},\"inLanguage\":\"de\",\"potentialAction\":[{\"@type\":\"ReadAction\",\"target\":[\"https:\/\/sollux-lighting.com\/de\/nasza-oferta\/wandleuchte\/wandleuchten-suba-schwarz-2\/\"]}]},{\"@type\":\"BreadcrumbList\",\"@id\":\"https:\/\/sollux-lighting.com\/de\/nasza-oferta\/wandleuchte\/wandleuchten-suba-schwarz-2\/#breadcrumb\",\"itemListElement\":[{\"@type\":\"ListItem\",\"position\":1,\"name\":\"Startseite\",\"item\":\"https:\/\/sollux-lighting.com\/de\/\"},{\"@type\":\"ListItem\",\"position\":2,\"name\":\"Unser Angebot\",\"item\":\"https:\/\/sollux-lighting.com\/de\/unser-angebot\/\"},{\"@type\":\"ListItem\",\"position\":3,\"name\":\"Wandleuchten SUBA schwarz\"}]},{\"@type\":\"WebSite\",\"@id\":\"https:\/\/sollux-lighting.com\/de\/#website\",\"url\":\"https:\/\/sollux-lighting.com\/de\/\",\"name\":\"Sollux Lighting\",\"description\":\"Brighten up your business\",\"publisher\":{\"@id\":\"https:\/\/sollux-lighting.com\/de\/#organization\"},\"potentialAction\":[{\"@type\":\"SearchAction\",\"target\":{\"@type\":\"EntryPoint\",\"urlTemplate\":\"https:\/\/sollux-lighting.com\/de\/?s={search_term_string}\"},\"query-input\":{\"@type\":\"PropertyValueSpecification\",\"valueRequired\":true,\"valueName\":\"search_term_string\"}}],\"inLanguage\":\"de\"},{\"@type\":\"Organization\",\"@id\":\"https:\/\/sollux-lighting.com\/de\/#organization\",\"name\":\"Sollux Lighting\",\"url\":\"https:\/\/sollux-lighting.com\/de\/\",\"logo\":{\"@type\":\"ImageObject\",\"inLanguage\":\"de\",\"@id\":\"https:\/\/sollux-lighting.com\/de\/#\/schema\/logo\/image\/\",\"url\":\"https:\/\/sollux-lighting.com\/wp-content\/uploads\/2023\/02\/LOGO.svg\",\"contentUrl\":\"https:\/\/sollux-lighting.com\/wp-content\/uploads\/2023\/02\/LOGO.svg\",\"width\":160,\"height\":46,\"caption\":\"Sollux Lighting \"},\"image\":{\"@id\":\"https:\/\/sollux-lighting.com\/de\/#\/schema\/logo\/image\/\"}}]}<\/script>\n<!-- \/ Yoast SEO plugin. -->","yoast_head_json":{"title":"Wandleuchten SUBA schwarz - Sollux Lighting","robots":{"index":"index","follow":"follow","max-snippet":"max-snippet:-1","max-image-preview":"max-image-preview:large","max-video-preview":"max-video-preview:-1"},"canonical":"https:\/\/sollux-lighting.com\/de\/nasza-oferta\/wandleuchte\/wandleuchten-suba-schwarz-2\/","og_locale":"de_DE","og_type":"article","og_title":"Wandleuchten SUBA schwarz - Sollux Lighting","og_description":"Lichtquelle: E27, 1x max 15W LED, 50Hz, ~230V, IP20, Schutzklasse II Die Lichtquelle ist im Lieferumfang enthalten. Abmessungen: 15\/23\/23 cm Material: Stahl Farbe: schwarz","og_url":"https:\/\/sollux-lighting.com\/de\/nasza-oferta\/wandleuchte\/wandleuchten-suba-schwarz-2\/","og_site_name":"Sollux Lighting","article_modified_time":"2024-03-16T12:18:56+00:00","twitter_card":"summary_large_image","twitter_misc":{"Gesch\u00e4tzte Lesezeit":"1\u00a0Minute"},"schema":{"@context":"https:\/\/schema.org","@graph":[{"@type":"WebPage","@id":"https:\/\/sollux-lighting.com\/de\/nasza-oferta\/wandleuchte\/wandleuchten-suba-schwarz-2\/","url":"https:\/\/sollux-lighting.com\/de\/nasza-oferta\/wandleuchte\/wandleuchten-suba-schwarz-2\/","name":"Wandleuchten SUBA schwarz - Sollux Lighting","isPartOf":{"@id":"https:\/\/sollux-lighting.com\/de\/#website"},"datePublished":"2024-03-16T12:18:55+00:00","dateModified":"2024-03-16T12:18:56+00:00","breadcrumb":{"@id":"https:\/\/sollux-lighting.com\/de\/nasza-oferta\/wandleuchte\/wandleuchten-suba-schwarz-2\/#breadcrumb"},"inLanguage":"de","potentialAction":[{"@type":"ReadAction","target":["https:\/\/sollux-lighting.com\/de\/nasza-oferta\/wandleuchte\/wandleuchten-suba-schwarz-2\/"]}]},{"@type":"BreadcrumbList","@id":"https:\/\/sollux-lighting.com\/de\/nasza-oferta\/wandleuchte\/wandleuchten-suba-schwarz-2\/#breadcrumb","itemListElement":[{"@type":"ListItem","position":1,"name":"Startseite","item":"https:\/\/sollux-lighting.com\/de\/"},{"@type":"ListItem","position":2,"name":"Unser Angebot","item":"https:\/\/sollux-lighting.com\/de\/unser-angebot\/"},{"@type":"ListItem","position":3,"name":"Wandleuchten SUBA schwarz"}]},{"@type":"WebSite","@id":"https:\/\/sollux-lighting.com\/de\/#website","url":"https:\/\/sollux-lighting.com\/de\/","name":"Sollux Lighting","description":"Brighten up your business","publisher":{"@id":"https:\/\/sollux-lighting.com\/de\/#organization"},"potentialAction":[{"@type":"SearchAction","target":{"@type":"EntryPoint","urlTemplate":"https:\/\/sollux-lighting.com\/de\/?s={search_term_string}"},"query-input":{"@type":"PropertyValueSpecification","valueRequired":true,"valueName":"search_term_string"}}],"inLanguage":"de"},{"@type":"Organization","@id":"https:\/\/sollux-lighting.com\/de\/#organization","name":"Sollux Lighting","url":"https:\/\/sollux-lighting.com\/de\/","logo":{"@type":"ImageObject","inLanguage":"de","@id":"https:\/\/sollux-lighting.com\/de\/#\/schema\/logo\/image\/","url":"https:\/\/sollux-lighting.com\/wp-content\/uploads\/2023\/02\/LOGO.svg","contentUrl":"https:\/\/sollux-lighting.com\/wp-content\/uploads\/2023\/02\/LOGO.svg","width":160,"height":46,"caption":"Sollux Lighting "},"image":{"@id":"https:\/\/sollux-lighting.com\/de\/#\/schema\/logo\/image\/"}}]}},"_links":{"self":[{"href":"https:\/\/sollux-lighting.com\/de\/wp-json\/wp\/v2\/product\/71147","targetHints":{"allow":["GET"]}}],"collection":[{"href":"https:\/\/sollux-lighting.com\/de\/wp-json\/wp\/v2\/product"}],"about":[{"href":"https:\/\/sollux-lighting.com\/de\/wp-json\/wp\/v2\/types\/product"}],"wp:attachment":[{"href":"https:\/\/sollux-lighting.com\/de\/wp-json\/wp\/v2\/media?parent=71147"}],"wp:term":[{"taxonomy":"product_brand","embeddable":true,"href":"https:\/\/sollux-lighting.com\/de\/wp-json\/wp\/v2\/product_brand?post=71147"},{"taxonomy":"product_cat","embeddable":true,"href":"https:\/\/sollux-lighting.com\/de\/wp-json\/wp\/v2\/product_cat?post=71147"},{"taxonomy":"product_tag","embeddable":true,"href":"https:\/\/sollux-lighting.com\/de\/wp-json\/wp\/v2\/product_tag?post=71147"}],"curies":[{"name":"wp","href":"https:\/\/api.w.org\/{rel}","templated":true}]}}

<p>Die SUBA-Serie kombiniert moderne Eleganz mit industrieller Rohheit. Die schwarzen Lampen aus strapazierfähigem Stahl dieser Serie passen perfekt in loftige und minimalistische Räume. Sie werden Sie mit ihrer Vielseitigkeit und Originalität begeistern. Hier finden Sie verschiedene Modelle, die jedem Bedürfnis und jeder Ästhetik gerecht werden. Die außergewöhnliche Gestaltung der eleganten Hängelampe hat ein enormes dekoratives Potenzial, das Sie maximieren können, indem Sie die Version mit 3 oder 4 Lichtpunkten wählen. Suchen Sie nach unauffälliger, zusätzlicher Beleuchtung? Entscheiden Sie sich für eine Wandleuchte! SUBA ist mehr als nur Beleuchtung: Dieses dekorative Element wird Ihr Interieur hervorheben und ihm einen rauen, aber eleganten Charakter verleihen. Die Einladung dieser Kollektion in Ihr Zuhause ist eine Stilwahl, die nicht unbemerkt bleibt.</p>

<!-- This site is optimized with the Yoast SEO plugin v25.4 - https://yoast.com/wordpress/plugins/seo/ -->
<title>Wandleuchten SUBA schwarz - Sollux Lighting</title>
<meta name="robots" content="index, follow, max-snippet:-1, max-image-preview:large, max-video-preview:-1" />
<link rel="canonical" href="https://sollux-lighting.com/de/nasza-oferta/wandleuchte/wandleuchten-suba-schwarz-2/" />
<meta property="og:locale" content="de_DE" />
<meta property="og:type" content="article" />
<meta property="og:title" content="Wandleuchten SUBA schwarz - Sollux Lighting" />
<meta property="og:description" content="Lichtquelle: E27, 1x max 15W LED, 50Hz, ~230V, IP20, Schutzklasse II Die Lichtquelle ist im Lieferumfang enthalten. Abmessungen: 15/23/23 cm Material: Stahl Farbe: schwarz" />
<meta property="og:url" content="https://sollux-lighting.com/de/nasza-oferta/wandleuchte/wandleuchten-suba-schwarz-2/" />
<meta property="og:site_name" content="Sollux Lighting" />
<meta property="article:modified_time" content="2024-03-16T12:18:56+00:00" />
<meta name="twitter:card" content="summary_large_image" />
<meta name="twitter:label1" content="Geschätzte Lesezeit" />
	<meta name="twitter:data1" content="1 Minute" />
<script type="application/ld+json" class="yoast-schema-graph">{"@context":"https://schema.org","@graph":[{"@type":"WebPage","@id":"https://sollux-lighting.com/de/nasza-oferta/wandleuchte/wandleuchten-suba-schwarz-2/","url":"https://sollux-lighting.com/de/nasza-oferta/wandleuchte/wandleuchten-suba-schwarz-2/","name":"Wandleuchten SUBA schwarz - Sollux Lighting","isPartOf":{"@id":"https://sollux-lighting.com/de/#website"},"datePublished":"2024-03-16T12:18:55+00:00","dateModified":"2024-03-16T12:18:56+00:00","breadcrumb":{"@id":"https://sollux-lighting.com/de/nasza-oferta/wandleuchte/wandleuchten-suba-schwarz-2/#breadcrumb"},"inLanguage":"de","potentialAction":[{"@type":"ReadAction","target":["https://sollux-lighting.com/de/nasza-oferta/wandleuchte/wandleuchten-suba-schwarz-2/"]}]},{"@type":"BreadcrumbList","@id":"https://sollux-lighting.com/de/nasza-oferta/wandleuchte/wandleuchten-suba-schwarz-2/#breadcrumb","itemListElement":[{"@type":"ListItem","position":1,"name":"Startseite","item":"https://sollux-lighting.com/de/"},{"@type":"ListItem","position":2,"name":"Unser Angebot","item":"https://sollux-lighting.com/de/unser-angebot/"},{"@type":"ListItem","position":3,"name":"Wandleuchten SUBA schwarz"}]},{"@type":"WebSite","@id":"https://sollux-lighting.com/de/#website","url":"https://sollux-lighting.com/de/","name":"Sollux Lighting","description":"Brighten up your business","publisher":{"@id":"https://sollux-lighting.com/de/#organization"},"potentialAction":[{"@type":"SearchAction","target":{"@type":"EntryPoint","urlTemplate":"https://sollux-lighting.com/de/?s={search_term_string}"},"query-input":{"@type":"PropertyValueSpecification","valueRequired":true,"valueName":"search_term_string"}}],"inLanguage":"de"},{"@type":"Organization","@id":"https://sollux-lighting.com/de/#organization","name":"Sollux Lighting","url":"https://sollux-lighting.com/de/","logo":{"@type":"ImageObject","inLanguage":"de","@id":"https://sollux-lighting.com/de/#/schema/logo/image/","url":"https://sollux-lighting.com/wp-content/uploads/2023/02/LOGO.svg","contentUrl":"https://sollux-lighting.com/wp-content/uploads/2023/02/LOGO.svg","width":160,"height":46,"caption":"Sollux Lighting "},"image":{"@id":"https://sollux-lighting.com/de/#/schema/logo/image/"}}]}</script>
<!-- / Yoast SEO plugin. -->
