{"id":70648,"date":"2023-03-17T11:47:30","date_gmt":"2023-03-17T10:47:30","guid":{"rendered":"https:\/\/test.sollux-lighting.com\/nasza-oferta\/unkategorisiert\/lackierte-wandleuchte-globe-weiss-glaenzend\/"},"modified":"2024-03-16T13:10:24","modified_gmt":"2024-03-16T12:10:24","slug":"lackierte-wandleuchte-globe-weiss-glaenzend","status":"publish","type":"product","link":"https:\/\/sollux-lighting.com\/de\/nasza-oferta\/wandleuchte\/lackierte-wandleuchte-globe-weiss-glaenzend\/","title":{"rendered":"Lackierte Wandleuchte GLOBE wei\u00df gl\u00e4nzend"},"content":{"rendered":"<p>Sind die W\u00e4nde in Ihrer Wohnung leer und warten noch auf eine dekorative Beleuchtung, um ihnen Charakter zu verleihen? Entscheiden Sie sich f\u00fcr die Wandleuchte GLOBE und erleben Sie, wie eine einzige Leuchte den Stil eines Raumes v\u00f6llig ver\u00e4ndern kann! Durch die universelle wei\u00dfe Farbe, die matte Oberfl\u00e4che und die M\u00f6glichkeit, sie in jeder beliebigen Farbe zu lackieren, bietet diese Lampe praktisch unbegrenzte Gestaltungsm\u00f6glichkeiten. So k\u00f6nnen Sie Ihrer Fantasie freien Lauf lassen, Ihre Lieblingslichtfarbe w\u00e4hlen und den sch\u00f6nen Effekt genie\u00dfen. Die Wandleuchte GLOBE beleuchtet und schm\u00fcckt eine ausgew\u00e4hlte Wand mit einem stimmungsvollen, zweiseitigen Lichtstrahl. Sie passt perfekt in moderne, Designer-Innenr\u00e4ume.<\/p>\n","protected":false},"excerpt":{"rendered":"<p>Lichtquelle: E27, 1x max. 15W LED, 50Hz, ~230V, IP20, Schutzklasse I<br \/>\nLichtquelle ist nicht im Lieferumfang enthalten.<br \/>\nAbmessungen: 17\/13,5\/14,5 cm<br \/>\nMaterial: Keramik<br \/>\nFarbe: Wei\u00df<\/p>\n","protected":false},"featured_media":24567,"template":"","meta":{"_acf_changed":false},"product_brand":[],"product_cat":[1892],"product_tag":[],"class_list":{"0":"post-70648","1":"product","2":"type-product","3":"status-publish","4":"has-post-thumbnail","6":"product_cat-wandleuchte","8":"first","9":"instock","10":"product-type-simple"},"acf":[],"yoast_head":"<!-- This site is optimized with the Yoast SEO plugin v25.4 - https:\/\/yoast.com\/wordpress\/plugins\/seo\/ -->\n<title>Lackierte Wandleuchte GLOBE wei\u00df gl\u00e4nzend - Sollux Lighting<\/title>\n<meta name=\"robots\" content=\"index, follow, max-snippet:-1, max-image-preview:large, max-video-preview:-1\" \/>\n<link rel=\"canonical\" href=\"https:\/\/sollux-lighting.com\/de\/nasza-oferta\/wandleuchte\/lackierte-wandleuchte-globe-weiss-glaenzend\/\" \/>\n<meta property=\"og:locale\" content=\"de_DE\" \/>\n<meta property=\"og:type\" content=\"article\" \/>\n<meta property=\"og:title\" content=\"Lackierte Wandleuchte GLOBE wei\u00df gl\u00e4nzend - Sollux Lighting\" \/>\n<meta property=\"og:description\" content=\"Lichtquelle: E27, 1x max. 15W LED, 50Hz, ~230V, IP20, Schutzklasse I Lichtquelle ist nicht im Lieferumfang enthalten. Abmessungen: 17\/13,5\/14,5 cm Material: Keramik Farbe: Wei\u00df\" \/>\n<meta property=\"og:url\" content=\"https:\/\/sollux-lighting.com\/de\/nasza-oferta\/wandleuchte\/lackierte-wandleuchte-globe-weiss-glaenzend\/\" \/>\n<meta property=\"og:site_name\" content=\"Sollux Lighting\" \/>\n<meta property=\"article:modified_time\" content=\"2024-03-16T12:10:24+00:00\" \/>\n<meta property=\"og:image\" content=\"https:\/\/sollux-lighting.com\/wp-content\/uploads\/2023\/03\/1026-1-k.jpg\" \/>\n\t<meta property=\"og:image:width\" content=\"750\" \/>\n\t<meta property=\"og:image:height\" content=\"750\" \/>\n\t<meta property=\"og:image:type\" content=\"image\/jpeg\" \/>\n<meta name=\"twitter:card\" content=\"summary_large_image\" \/>\n<meta name=\"twitter:label1\" content=\"Gesch\u00e4tzte Lesezeit\" \/>\n\t<meta name=\"twitter:data1\" content=\"1\u00a0Minute\" \/>\n<script type=\"application\/ld+json\" class=\"yoast-schema-graph\">{\"@context\":\"https:\/\/schema.org\",\"@graph\":[{\"@type\":\"WebPage\",\"@id\":\"https:\/\/sollux-lighting.com\/de\/nasza-oferta\/wandleuchte\/lackierte-wandleuchte-globe-weiss-glaenzend\/\",\"url\":\"https:\/\/sollux-lighting.com\/de\/nasza-oferta\/wandleuchte\/lackierte-wandleuchte-globe-weiss-glaenzend\/\",\"name\":\"Lackierte Wandleuchte GLOBE wei\u00df gl\u00e4nzend - Sollux Lighting\",\"isPartOf\":{\"@id\":\"https:\/\/sollux-lighting.com\/de\/#website\"},\"primaryImageOfPage\":{\"@id\":\"https:\/\/sollux-lighting.com\/de\/nasza-oferta\/wandleuchte\/lackierte-wandleuchte-globe-weiss-glaenzend\/#primaryimage\"},\"image\":{\"@id\":\"https:\/\/sollux-lighting.com\/de\/nasza-oferta\/wandleuchte\/lackierte-wandleuchte-globe-weiss-glaenzend\/#primaryimage\"},\"thumbnailUrl\":\"https:\/\/sollux-lighting.com\/wp-content\/uploads\/2023\/03\/1026-1-k.jpg\",\"datePublished\":\"2023-03-17T10:47:30+00:00\",\"dateModified\":\"2024-03-16T12:10:24+00:00\",\"breadcrumb\":{\"@id\":\"https:\/\/sollux-lighting.com\/de\/nasza-oferta\/wandleuchte\/lackierte-wandleuchte-globe-weiss-glaenzend\/#breadcrumb\"},\"inLanguage\":\"de\",\"potentialAction\":[{\"@type\":\"ReadAction\",\"target\":[\"https:\/\/sollux-lighting.com\/de\/nasza-oferta\/wandleuchte\/lackierte-wandleuchte-globe-weiss-glaenzend\/\"]}]},{\"@type\":\"ImageObject\",\"inLanguage\":\"de\",\"@id\":\"https:\/\/sollux-lighting.com\/de\/nasza-oferta\/wandleuchte\/lackierte-wandleuchte-globe-weiss-glaenzend\/#primaryimage\",\"url\":\"https:\/\/sollux-lighting.com\/wp-content\/uploads\/2023\/03\/1026-1-k.jpg\",\"contentUrl\":\"https:\/\/sollux-lighting.com\/wp-content\/uploads\/2023\/03\/1026-1-k.jpg\",\"width\":750,\"height\":750},{\"@type\":\"BreadcrumbList\",\"@id\":\"https:\/\/sollux-lighting.com\/de\/nasza-oferta\/wandleuchte\/lackierte-wandleuchte-globe-weiss-glaenzend\/#breadcrumb\",\"itemListElement\":[{\"@type\":\"ListItem\",\"position\":1,\"name\":\"Startseite\",\"item\":\"https:\/\/sollux-lighting.com\/de\/\"},{\"@type\":\"ListItem\",\"position\":2,\"name\":\"Unser Angebot\",\"item\":\"https:\/\/sollux-lighting.com\/de\/unser-angebot\/\"},{\"@type\":\"ListItem\",\"position\":3,\"name\":\"Lackierte Wandleuchte GLOBE wei\u00df gl\u00e4nzend\"}]},{\"@type\":\"WebSite\",\"@id\":\"https:\/\/sollux-lighting.com\/de\/#website\",\"url\":\"https:\/\/sollux-lighting.com\/de\/\",\"name\":\"Sollux Lighting\",\"description\":\"Brighten up your business\",\"publisher\":{\"@id\":\"https:\/\/sollux-lighting.com\/de\/#organization\"},\"potentialAction\":[{\"@type\":\"SearchAction\",\"target\":{\"@type\":\"EntryPoint\",\"urlTemplate\":\"https:\/\/sollux-lighting.com\/de\/?s={search_term_string}\"},\"query-input\":{\"@type\":\"PropertyValueSpecification\",\"valueRequired\":true,\"valueName\":\"search_term_string\"}}],\"inLanguage\":\"de\"},{\"@type\":\"Organization\",\"@id\":\"https:\/\/sollux-lighting.com\/de\/#organization\",\"name\":\"Sollux Lighting\",\"url\":\"https:\/\/sollux-lighting.com\/de\/\",\"logo\":{\"@type\":\"ImageObject\",\"inLanguage\":\"de\",\"@id\":\"https:\/\/sollux-lighting.com\/de\/#\/schema\/logo\/image\/\",\"url\":\"https:\/\/sollux-lighting.com\/wp-content\/uploads\/2023\/02\/LOGO.svg\",\"contentUrl\":\"https:\/\/sollux-lighting.com\/wp-content\/uploads\/2023\/02\/LOGO.svg\",\"width\":160,\"height\":46,\"caption\":\"Sollux Lighting \"},\"image\":{\"@id\":\"https:\/\/sollux-lighting.com\/de\/#\/schema\/logo\/image\/\"}}]}<\/script>\n<!-- \/ Yoast SEO plugin. -->","yoast_head_json":{"title":"Lackierte Wandleuchte GLOBE wei\u00df gl\u00e4nzend - Sollux Lighting","robots":{"index":"index","follow":"follow","max-snippet":"max-snippet:-1","max-image-preview":"max-image-preview:large","max-video-preview":"max-video-preview:-1"},"canonical":"https:\/\/sollux-lighting.com\/de\/nasza-oferta\/wandleuchte\/lackierte-wandleuchte-globe-weiss-glaenzend\/","og_locale":"de_DE","og_type":"article","og_title":"Lackierte Wandleuchte GLOBE wei\u00df gl\u00e4nzend - Sollux Lighting","og_description":"Lichtquelle: E27, 1x max. 15W LED, 50Hz, ~230V, IP20, Schutzklasse I Lichtquelle ist nicht im Lieferumfang enthalten. Abmessungen: 17\/13,5\/14,5 cm Material: Keramik Farbe: Wei\u00df","og_url":"https:\/\/sollux-lighting.com\/de\/nasza-oferta\/wandleuchte\/lackierte-wandleuchte-globe-weiss-glaenzend\/","og_site_name":"Sollux Lighting","article_modified_time":"2024-03-16T12:10:24+00:00","og_image":[{"width":750,"height":750,"url":"https:\/\/sollux-lighting.com\/wp-content\/uploads\/2023\/03\/1026-1-k.jpg","type":"image\/jpeg"}],"twitter_card":"summary_large_image","twitter_misc":{"Gesch\u00e4tzte Lesezeit":"1\u00a0Minute"},"schema":{"@context":"https:\/\/schema.org","@graph":[{"@type":"WebPage","@id":"https:\/\/sollux-lighting.com\/de\/nasza-oferta\/wandleuchte\/lackierte-wandleuchte-globe-weiss-glaenzend\/","url":"https:\/\/sollux-lighting.com\/de\/nasza-oferta\/wandleuchte\/lackierte-wandleuchte-globe-weiss-glaenzend\/","name":"Lackierte Wandleuchte GLOBE wei\u00df gl\u00e4nzend - Sollux Lighting","isPartOf":{"@id":"https:\/\/sollux-lighting.com\/de\/#website"},"primaryImageOfPage":{"@id":"https:\/\/sollux-lighting.com\/de\/nasza-oferta\/wandleuchte\/lackierte-wandleuchte-globe-weiss-glaenzend\/#primaryimage"},"image":{"@id":"https:\/\/sollux-lighting.com\/de\/nasza-oferta\/wandleuchte\/lackierte-wandleuchte-globe-weiss-glaenzend\/#primaryimage"},"thumbnailUrl":"https:\/\/sollux-lighting.com\/wp-content\/uploads\/2023\/03\/1026-1-k.jpg","datePublished":"2023-03-17T10:47:30+00:00","dateModified":"2024-03-16T12:10:24+00:00","breadcrumb":{"@id":"https:\/\/sollux-lighting.com\/de\/nasza-oferta\/wandleuchte\/lackierte-wandleuchte-globe-weiss-glaenzend\/#breadcrumb"},"inLanguage":"de","potentialAction":[{"@type":"ReadAction","target":["https:\/\/sollux-lighting.com\/de\/nasza-oferta\/wandleuchte\/lackierte-wandleuchte-globe-weiss-glaenzend\/"]}]},{"@type":"ImageObject","inLanguage":"de","@id":"https:\/\/sollux-lighting.com\/de\/nasza-oferta\/wandleuchte\/lackierte-wandleuchte-globe-weiss-glaenzend\/#primaryimage","url":"https:\/\/sollux-lighting.com\/wp-content\/uploads\/2023\/03\/1026-1-k.jpg","contentUrl":"https:\/\/sollux-lighting.com\/wp-content\/uploads\/2023\/03\/1026-1-k.jpg","width":750,"height":750},{"@type":"BreadcrumbList","@id":"https:\/\/sollux-lighting.com\/de\/nasza-oferta\/wandleuchte\/lackierte-wandleuchte-globe-weiss-glaenzend\/#breadcrumb","itemListElement":[{"@type":"ListItem","position":1,"name":"Startseite","item":"https:\/\/sollux-lighting.com\/de\/"},{"@type":"ListItem","position":2,"name":"Unser Angebot","item":"https:\/\/sollux-lighting.com\/de\/unser-angebot\/"},{"@type":"ListItem","position":3,"name":"Lackierte Wandleuchte GLOBE wei\u00df gl\u00e4nzend"}]},{"@type":"WebSite","@id":"https:\/\/sollux-lighting.com\/de\/#website","url":"https:\/\/sollux-lighting.com\/de\/","name":"Sollux Lighting","description":"Brighten up your business","publisher":{"@id":"https:\/\/sollux-lighting.com\/de\/#organization"},"potentialAction":[{"@type":"SearchAction","target":{"@type":"EntryPoint","urlTemplate":"https:\/\/sollux-lighting.com\/de\/?s={search_term_string}"},"query-input":{"@type":"PropertyValueSpecification","valueRequired":true,"valueName":"search_term_string"}}],"inLanguage":"de"},{"@type":"Organization","@id":"https:\/\/sollux-lighting.com\/de\/#organization","name":"Sollux Lighting","url":"https:\/\/sollux-lighting.com\/de\/","logo":{"@type":"ImageObject","inLanguage":"de","@id":"https:\/\/sollux-lighting.com\/de\/#\/schema\/logo\/image\/","url":"https:\/\/sollux-lighting.com\/wp-content\/uploads\/2023\/02\/LOGO.svg","contentUrl":"https:\/\/sollux-lighting.com\/wp-content\/uploads\/2023\/02\/LOGO.svg","width":160,"height":46,"caption":"Sollux Lighting "},"image":{"@id":"https:\/\/sollux-lighting.com\/de\/#\/schema\/logo\/image\/"}}]}},"_links":{"self":[{"href":"https:\/\/sollux-lighting.com\/de\/wp-json\/wp\/v2\/product\/70648","targetHints":{"allow":["GET"]}}],"collection":[{"href":"https:\/\/sollux-lighting.com\/de\/wp-json\/wp\/v2\/product"}],"about":[{"href":"https:\/\/sollux-lighting.com\/de\/wp-json\/wp\/v2\/types\/product"}],"wp:featuredmedia":[{"embeddable":true,"href":"https:\/\/sollux-lighting.com\/de\/wp-json\/wp\/v2\/media\/24567"}],"wp:attachment":[{"href":"https:\/\/sollux-lighting.com\/de\/wp-json\/wp\/v2\/media?parent=70648"}],"wp:term":[{"taxonomy":"product_brand","embeddable":true,"href":"https:\/\/sollux-lighting.com\/de\/wp-json\/wp\/v2\/product_brand?post=70648"},{"taxonomy":"product_cat","embeddable":true,"href":"https:\/\/sollux-lighting.com\/de\/wp-json\/wp\/v2\/product_cat?post=70648"},{"taxonomy":"product_tag","embeddable":true,"href":"https:\/\/sollux-lighting.com\/de\/wp-json\/wp\/v2\/product_tag?post=70648"}],"curies":[{"name":"wp","href":"https:\/\/api.w.org\/{rel}","templated":true}]}}

Lackierte Wandleuchte GLOBE weiß glänzend

<p>Sind die Wände in Ihrer Wohnung leer und warten noch auf eine dekorative Beleuchtung, um ihnen Charakter zu verleihen? Entscheiden Sie sich für die Wandleuchte GLOBE und erleben Sie, wie eine einzige Leuchte den Stil eines Raumes völlig verändern kann! Durch die universelle weiße Farbe, die matte Oberfläche und die Möglichkeit, sie in jeder beliebigen Farbe zu lackieren, bietet diese Lampe praktisch unbegrenzte Gestaltungsmöglichkeiten. So können Sie Ihrer Fantasie freien Lauf lassen, Ihre Lieblingslichtfarbe wählen und den schönen Effekt genießen. Die Wandleuchte GLOBE beleuchtet und schmückt eine ausgewählte Wand mit einem stimmungsvollen, zweiseitigen Lichtstrahl. Sie passt perfekt in moderne, Designer-Innenräume.</p>

<p>Lichtquelle: E27, 1x max. 15W LED, 50Hz, ~230V, IP20, Schutzklasse I<br />
Lichtquelle ist nicht im Lieferumfang enthalten.<br />
Abmessungen: 17/13,5/14,5 cm<br />
Material: Keramik<br />
Farbe: Weiß</p>

<!-- This site is optimized with the Yoast SEO plugin v25.4 - https://yoast.com/wordpress/plugins/seo/ -->
<title>Lackierte Wandleuchte GLOBE weiß glänzend - Sollux Lighting</title>
<meta name="robots" content="index, follow, max-snippet:-1, max-image-preview:large, max-video-preview:-1" />
<link rel="canonical" href="https://sollux-lighting.com/de/nasza-oferta/wandleuchte/lackierte-wandleuchte-globe-weiss-glaenzend/" />
<meta property="og:locale" content="de_DE" />
<meta property="og:type" content="article" />
<meta property="og:title" content="Lackierte Wandleuchte GLOBE weiß glänzend - Sollux Lighting" />
<meta property="og:description" content="Lichtquelle: E27, 1x max. 15W LED, 50Hz, ~230V, IP20, Schutzklasse I Lichtquelle ist nicht im Lieferumfang enthalten. Abmessungen: 17/13,5/14,5 cm Material: Keramik Farbe: Weiß" />
<meta property="og:url" content="https://sollux-lighting.com/de/nasza-oferta/wandleuchte/lackierte-wandleuchte-globe-weiss-glaenzend/" />
<meta property="og:site_name" content="Sollux Lighting" />
<meta property="article:modified_time" content="2024-03-16T12:10:24+00:00" />
<meta property="og:image" content="https://sollux-lighting.com/wp-content/uploads/2023/03/1026-1-k.jpg" />
	<meta property="og:image:width" content="750" />
	<meta property="og:image:height" content="750" />
	<meta property="og:image:type" content="image/jpeg" />
<meta name="twitter:card" content="summary_large_image" />
<meta name="twitter:label1" content="Geschätzte Lesezeit" />
	<meta name="twitter:data1" content="1 Minute" />
<script type="application/ld+json" class="yoast-schema-graph">{"@context":"https://schema.org","@graph":[{"@type":"WebPage","@id":"https://sollux-lighting.com/de/nasza-oferta/wandleuchte/lackierte-wandleuchte-globe-weiss-glaenzend/","url":"https://sollux-lighting.com/de/nasza-oferta/wandleuchte/lackierte-wandleuchte-globe-weiss-glaenzend/","name":"Lackierte Wandleuchte GLOBE weiß glänzend - Sollux Lighting","isPartOf":{"@id":"https://sollux-lighting.com/de/#website"},"primaryImageOfPage":{"@id":"https://sollux-lighting.com/de/nasza-oferta/wandleuchte/lackierte-wandleuchte-globe-weiss-glaenzend/#primaryimage"},"image":{"@id":"https://sollux-lighting.com/de/nasza-oferta/wandleuchte/lackierte-wandleuchte-globe-weiss-glaenzend/#primaryimage"},"thumbnailUrl":"https://sollux-lighting.com/wp-content/uploads/2023/03/1026-1-k.jpg","datePublished":"2023-03-17T10:47:30+00:00","dateModified":"2024-03-16T12:10:24+00:00","breadcrumb":{"@id":"https://sollux-lighting.com/de/nasza-oferta/wandleuchte/lackierte-wandleuchte-globe-weiss-glaenzend/#breadcrumb"},"inLanguage":"de","potentialAction":[{"@type":"ReadAction","target":["https://sollux-lighting.com/de/nasza-oferta/wandleuchte/lackierte-wandleuchte-globe-weiss-glaenzend/"]}]},{"@type":"ImageObject","inLanguage":"de","@id":"https://sollux-lighting.com/de/nasza-oferta/wandleuchte/lackierte-wandleuchte-globe-weiss-glaenzend/#primaryimage","url":"https://sollux-lighting.com/wp-content/uploads/2023/03/1026-1-k.jpg","contentUrl":"https://sollux-lighting.com/wp-content/uploads/2023/03/1026-1-k.jpg","width":750,"height":750},{"@type":"BreadcrumbList","@id":"https://sollux-lighting.com/de/nasza-oferta/wandleuchte/lackierte-wandleuchte-globe-weiss-glaenzend/#breadcrumb","itemListElement":[{"@type":"ListItem","position":1,"name":"Startseite","item":"https://sollux-lighting.com/de/"},{"@type":"ListItem","position":2,"name":"Unser Angebot","item":"https://sollux-lighting.com/de/unser-angebot/"},{"@type":"ListItem","position":3,"name":"Lackierte Wandleuchte GLOBE weiß glänzend"}]},{"@type":"WebSite","@id":"https://sollux-lighting.com/de/#website","url":"https://sollux-lighting.com/de/","name":"Sollux Lighting","description":"Brighten up your business","publisher":{"@id":"https://sollux-lighting.com/de/#organization"},"potentialAction":[{"@type":"SearchAction","target":{"@type":"EntryPoint","urlTemplate":"https://sollux-lighting.com/de/?s={search_term_string}"},"query-input":{"@type":"PropertyValueSpecification","valueRequired":true,"valueName":"search_term_string"}}],"inLanguage":"de"},{"@type":"Organization","@id":"https://sollux-lighting.com/de/#organization","name":"Sollux Lighting","url":"https://sollux-lighting.com/de/","logo":{"@type":"ImageObject","inLanguage":"de","@id":"https://sollux-lighting.com/de/#/schema/logo/image/","url":"https://sollux-lighting.com/wp-content/uploads/2023/02/LOGO.svg","contentUrl":"https://sollux-lighting.com/wp-content/uploads/2023/02/LOGO.svg","width":160,"height":46,"caption":"Sollux Lighting "},"image":{"@id":"https://sollux-lighting.com/de/#/schema/logo/image/"}}]}</script>
<!-- / Yoast SEO plugin. -->

Lackierte Wandleuchte GLOBE weiß glänzend - Sollux Lighting

Lichtquelle: E27, 1x max. 15W LED, 50Hz, ~230V, IP20, Schutzklasse I Lichtquelle ist nicht im Lieferumfang enthalten. Abmessungen: 17/13,5/14,5 cm Material: Keramik Farbe: Weiß
